Last updated on 2024-07-27 01:53:06 CEST.
Flavor | Version | Tinstall | Tcheck | Ttotal | Status | Flags |
---|---|---|---|---|---|---|
r-devel-linux-x86_64-debian-clang | 16.1.0 | 4355.28 | 312.80 | 4668.08 | NOTE | |
r-devel-linux-x86_64-debian-gcc | 16.1.0 | 3281.95 | 224.44 | 3506.39 | NOTE | |
r-devel-linux-x86_64-fedora-clang | 16.1.0 | 6368.99 | NOTE | |||
r-devel-linux-x86_64-fedora-gcc | 16.1.0 | 7836.70 | NOTE | |||
r-devel-windows-x86_64 | 16.1.0 | 479.00 | 557.00 | 1036.00 | NOTE | |
r-patched-linux-x86_64 | 16.1.0 | OK | ||||
r-release-linux-x86_64 | 16.1.0 | 4098.58 | 294.31 | 4392.89 | OK | |
r-release-macos-arm64 | 16.1.0 | 1261.00 | NOTE | |||
r-release-macos-x86_64 | 16.1.0 | 1779.00 | NOTE | |||
r-release-windows-x86_64 | 16.1.0 | 460.00 | 557.00 | 1017.00 | NOTE | |
r-oldrel-macos-arm64 | 16.1.0 | 1238.00 | NOTE | |||
r-oldrel-macos-x86_64 | 16.1.0 | 1551.00 | NOTE | |||
r-oldrel-windows-x86_64 | 16.1.0 | 558.00 | 731.00 | 1289.00 | NOTE |
Version: 16.1.0
Check: compiled code
Result: NOTE
File ‘arrow/libs/arrow.so’:
Found non-API calls to R: ‘LEVELS’, ‘Rf_findVarInFrame3’,
‘SETLENGTH’, ‘SET_GROWABLE_BIT’, ‘SET_TRUELENGTH’
Compiled code should not call non-API entry points in R.
See ‘Writing portable packages’ in the ‘Writing R Extensions’ manual,
and section ‘Moving into C API compliance’ for issues with the use of
non-API entry points.
Flavors: r-devel-linux-x86_64-debian-clang, r-devel-linux-x86_64-debian-gcc, r-devel-linux-x86_64-fedora-clang, r-devel-linux-x86_64-fedora-gcc
Version: 16.1.0
Check: installed package size
Result: NOTE
installed size is 49.1Mb
sub-directories of 1Mb or more:
R 4.3Mb
libs 44.2Mb
Flavors: r-devel-linux-x86_64-fedora-clang, r-devel-windows-x86_64, r-release-macos-arm64, r-release-macos-x86_64, r-release-windows-x86_64, r-oldrel-macos-arm64, r-oldrel-macos-x86_64, r-oldrel-windows-x86_64
Version: 16.1.0
Check: Rd cross-references
Result: NOTE
Undeclared package ‘readr’ in Rd xrefs
Flavor: r-devel-linux-x86_64-fedora-clang
Version: 16.1.0
Check: compiled code
Result: NOTE
File 'arrow/libs/x64/arrow.dll':
Found non-API calls to R: 'LEVELS', 'Rf_findVarInFrame3',
'SETLENGTH', 'SET_GROWABLE_BIT', 'SET_TRUELENGTH'
Compiled code should not call non-API entry points in R.
See 'Writing portable packages' in the 'Writing R Extensions' manual,
and section 'Moving into C API compliance' for issues with the use of
non-API entry points.
Flavor: r-devel-windows-x86_64