Last updated on 2024-07-27 01:53:06 CEST.
Flavor | Version | Tinstall | Tcheck | Ttotal | Status | Flags |
---|---|---|---|---|---|---|
r-devel-linux-x86_64-debian-clang | 1.9-7 | 65.69 | 321.83 | 387.52 | OK | |
r-devel-linux-x86_64-debian-gcc | 1.9-7 | 43.83 | 232.30 | 276.13 | NOTE | |
r-devel-linux-x86_64-fedora-clang | 1.9-7 | 478.23 | OK | |||
r-devel-linux-x86_64-fedora-gcc | 1.9-7 | 460.61 | OK | |||
r-devel-windows-x86_64 | 1.9-7 | 36.00 | 265.00 | 301.00 | NOTE | |
r-patched-linux-x86_64 | 1.9-7 | OK | ||||
r-release-linux-x86_64 | 1.9-7 | 63.04 | 301.51 | 364.55 | OK | |
r-release-macos-arm64 | 1.9-7 | 181.00 | OK | |||
r-release-macos-x86_64 | 1.9-7 | 201.00 | OK | |||
r-release-windows-x86_64 | 1.9-7 | 35.00 | 261.00 | 296.00 | OK | |
r-oldrel-macos-arm64 | 1.9-7 | 117.00 | OK | |||
r-oldrel-macos-x86_64 | 1.9-7 | 258.00 | OK | |||
r-oldrel-windows-x86_64 | 1.9-7 | 46.00 | 296.00 | 342.00 | OK |
Version: 1.9-7
Check: Rd cross-references
Result: NOTE
Found the following Rd file(s) with Rd \link{} targets missing package
anchors:
bvn.plot.rd: wireframe
plot.pairw.rd: multcompLetters
pseudo.v.Rd: empinf, boot
qq.Plot.Rd: boot, envelope
r.pb.rd: corr
Please provide package anchors for all Rd \link{} targets not in the
package itself and the base packages.
Flavors: r-devel-linux-x86_64-debian-gcc, r-devel-windows-x86_64