Last updated on 2025-11-16 01:49:08 CET.
| Flavor | Version | Tinstall | Tcheck | Ttotal | Status | Flags |
|---|---|---|---|---|---|---|
| r-devel-linux-x86_64-debian-clang | 1.0.0 | 190.88 | 143.90 | 334.78 | OK | |
| r-devel-linux-x86_64-debian-gcc | 1.0.0 | 119.83 | 103.22 | 223.05 | OK | |
| r-devel-linux-x86_64-fedora-clang | 1.0.0 | 355.00 | 363.74 | 718.74 | OK | |
| r-devel-linux-x86_64-fedora-gcc | 1.0.0 | 269.00 | 327.82 | 596.82 | OK | |
| r-devel-windows-x86_64 | 1.0.0 | 257.00 | 153.00 | 410.00 | OK | |
| r-patched-linux-x86_64 | 1.0.0 | 180.05 | 140.12 | 320.17 | OK | |
| r-release-linux-x86_64 | 1.0.0 | 177.79 | 140.06 | 317.85 | OK | |
| r-release-macos-arm64 | 1.0.0 | 67.00 | 54.00 | 121.00 | OK | |
| r-release-macos-x86_64 | 1.0.0 | 55.00 | 102.00 | 157.00 | OK | |
| r-release-windows-x86_64 | 1.0.0 | 229.00 | 157.00 | 386.00 | OK | |
| r-oldrel-macos-arm64 | 1.0.0 | 77.00 | 52.00 | 129.00 | NOTE | |
| r-oldrel-macos-x86_64 | 1.0.0 | 50.00 | 82.00 | 132.00 | NOTE | |
| r-oldrel-windows-x86_64 | 1.0.0 | 273.00 | 197.00 | 470.00 | OK |
Version: 1.0.0
Check: installed package size
Result: NOTE
installed size is 10.8Mb
sub-directories of 1Mb or more:
data 1.1Mb
libs 8.5Mb
Flavors: r-oldrel-macos-arm64, r-oldrel-macos-x86_64