CRAN Package Check Results for Package assertable

Last updated on 2025-07-24 02:52:05 CEST.

Flavor Version Tinstall Tcheck Ttotal Status Flags
r-devel-linux-x86_64-debian-clang 0.2.8 2.47 32.73 35.20 OK
r-devel-linux-x86_64-debian-gcc 0.2.8 1.69 26.56 28.25 OK
r-devel-linux-x86_64-fedora-clang 0.2.8 55.57 OK
r-devel-linux-x86_64-fedora-gcc 0.2.8 65.96 OK
r-devel-windows-x86_64 0.2.8 3.00 59.00 62.00 OK
r-patched-linux-x86_64 0.2.8 2.20 30.33 32.53 OK
r-release-linux-x86_64 0.2.8 1.82 30.43 32.25 OK
r-release-macos-arm64 0.2.8 36.00 OK
r-release-macos-x86_64 0.2.8 59.00 OK
r-release-windows-x86_64 0.2.8 4.00 60.00 64.00 OK
r-oldrel-macos-arm64 0.2.8 40.00 NOTE
r-oldrel-macos-x86_64 0.2.8 50.00 NOTE
r-oldrel-windows-x86_64 0.2.8 3.00 66.00 69.00 NOTE

Check Details

Version: 0.2.8
Check: LazyData
Result: NOTE 'LazyData' is specified without a 'data' directory Flavors: r-oldrel-macos-arm64, r-oldrel-macos-x86_64, r-oldrel-windows-x86_64