CRAN Package Check Results for Package assocInd

Last updated on 2025-05-05 01:50:40 CEST.

Flavor Version Tinstall Tcheck Ttotal Status Flags
r-devel-linux-x86_64-debian-clang 1.0.1 3.05 30.51 33.56 NOTE
r-devel-linux-x86_64-debian-gcc 1.0.1 2.13 22.25 24.38 NOTE
r-devel-linux-x86_64-fedora-clang 1.0.1 53.06 OK
r-devel-linux-x86_64-fedora-gcc 1.0.1 50.59 OK
r-devel-windows-x86_64 1.0.1 3.00 53.00 56.00 OK
r-patched-linux-x86_64 1.0.1 3.09 28.63 31.72 OK
r-release-linux-x86_64 1.0.1 2.51 28.55 31.06 OK
r-release-macos-arm64 1.0.1 19.00 OK
r-release-macos-x86_64 1.0.1 30.00 OK
r-release-windows-x86_64 1.0.1 3.00 56.00 59.00 OK
r-oldrel-macos-arm64 1.0.1 24.00 OK
r-oldrel-macos-x86_64 1.0.1 27.00 OK
r-oldrel-windows-x86_64 1.0.1 4.00 51.00 55.00 OK

Check Details

Version: 1.0.1
Check: CRAN incoming feasibility
Result: NOTE Maintainer: ‘Damien Farine <dfarine@orn.mpg.de>’ No Authors@R field in DESCRIPTION. Please add one, modifying Authors@R: c(person(given = "William", family = "Hoppitt", role = "aut"), person(given = "Damien", family = "Farine", role = c("aut", "cre"), email = "dfarine@orn.mpg.de")) as necessary. Flavors: r-devel-linux-x86_64-debian-clang, r-devel-linux-x86_64-debian-gcc