Last updated on 2025-02-16 01:49:37 CET.
Flavor | Version | Tinstall | Tcheck | Ttotal | Status | Flags |
---|---|---|---|---|---|---|
r-devel-linux-x86_64-debian-clang | 0.1.0 | 5.99 | 52.39 | 58.38 | NOTE | |
r-devel-linux-x86_64-debian-gcc | 0.1.0 | 3.51 | 37.20 | 40.71 | NOTE | |
r-devel-linux-x86_64-fedora-clang | 0.1.0 | 100.19 | NOTE | |||
r-devel-linux-x86_64-fedora-gcc | 0.1.0 | 101.94 | NOTE | |||
r-devel-macos-arm64 | 0.1.0 | 52.00 | OK | |||
r-devel-macos-x86_64 | 0.1.0 | 77.00 | OK | |||
r-devel-windows-x86_64 | 0.1.0 | 10.00 | 80.00 | 90.00 | NOTE | |
r-patched-linux-x86_64 | 0.1.0 | 5.53 | 49.61 | 55.14 | OK | |
r-release-linux-x86_64 | 0.1.0 | 4.46 | 49.57 | 54.03 | OK | |
r-release-macos-arm64 | 0.1.0 | 46.00 | OK | |||
r-release-macos-x86_64 | 0.1.0 | 77.00 | OK | |||
r-release-windows-x86_64 | 0.1.0 | 8.00 | 75.00 | 83.00 | OK | |
r-oldrel-macos-arm64 | 0.0.4 | 45.00 | OK | |||
r-oldrel-macos-x86_64 | 0.1.0 | 69.00 | OK | |||
r-oldrel-windows-x86_64 | 0.1.0 | 9.00 | 80.00 | 89.00 | OK |
Version: 0.1.0
Check: DESCRIPTION meta-information
Result: NOTE
Missing dependency on R >= 4.2.0 because package code uses the pipe
placeholder syntax added in R 4.2.0.
File(s) using such syntax:
‘convert.r’
Flavors: r-devel-linux-x86_64-debian-clang, r-devel-linux-x86_64-debian-gcc, r-devel-linux-x86_64-fedora-clang, r-devel-linux-x86_64-fedora-gcc, r-devel-windows-x86_64