Last updated on 2025-05-05 01:50:40 CEST.
Flavor | Version | Tinstall | Tcheck | Ttotal | Status | Flags |
---|---|---|---|---|---|---|
r-devel-linux-x86_64-debian-clang | 0.2-1 | 3.04 | 23.72 | 26.76 | NOTE | |
r-devel-linux-x86_64-debian-gcc | 0.2-1 | 2.44 | 19.67 | 22.11 | NOTE | |
r-devel-linux-x86_64-fedora-clang | 0.2-1 | 46.14 | OK | |||
r-devel-linux-x86_64-fedora-gcc | 0.2-1 | 42.32 | OK | |||
r-devel-windows-x86_64 | 0.2-1 | 5.00 | 45.00 | 50.00 | OK | |
r-patched-linux-x86_64 | 0.2-1 | 2.39 | 22.91 | 25.30 | OK | |
r-release-linux-x86_64 | 0.2-1 | 2.92 | 22.85 | 25.77 | OK | |
r-release-macos-arm64 | 0.2-1 | 19.00 | OK | |||
r-release-macos-x86_64 | 0.2-1 | 28.00 | OK | |||
r-release-windows-x86_64 | 0.2-1 | 5.00 | 46.00 | 51.00 | OK | |
r-oldrel-macos-arm64 | 0.2-1 | 17.00 | OK | |||
r-oldrel-macos-x86_64 | 0.2-1 | 24.00 | OK | |||
r-oldrel-windows-x86_64 | 0.2-1 | 5.00 | 49.00 | 54.00 | OK |
Version: 0.2-1
Check: CRAN incoming feasibility
Result: NOTE
Maintainer: ‘Dai Feng <daifeng.stat@gmail.com>’
No Authors@R field in DESCRIPTION.
Please add one, modifying
Authors@R: c(person(given = "Dai",
family = "Feng",
role = c("aut", "cre"),
email = "daifeng.stat@gmail.com"),
person(given = "Damjan",
family = "Manevski",
role = "auc"),
person(given = c("Maja", "Pohar"),
family = "Perme",
role = "auc"))
as necessary.
Flavors: r-devel-linux-x86_64-debian-clang, r-devel-linux-x86_64-debian-gcc