CRAN Package Check Results for Package autoFRK

Last updated on 2025-11-13 01:50:14 CET.

Flavor Version Tinstall Tcheck Ttotal Status Flags
r-devel-linux-x86_64-debian-clang 1.4.3 57.45 100.08 157.53 NOTE
r-devel-linux-x86_64-debian-gcc 1.4.3 49.60 76.39 125.99 NOTE
r-devel-linux-x86_64-fedora-clang 1.4.3 240.00 29.09 269.09 NOTE
r-devel-linux-x86_64-fedora-gcc 1.4.3 156.00 107.00 263.00 NOTE
r-devel-windows-x86_64 1.4.3 62.00 124.00 186.00 NOTE
r-patched-linux-x86_64 1.4.3 63.91 101.94 165.85 NOTE
r-release-linux-x86_64 1.4.3 64.30 101.96 166.26 NOTE
r-release-macos-arm64 1.4.3 31.00 51.00 82.00 NOTE
r-release-macos-x86_64 1.4.3 65.00 88.00 153.00 NOTE
r-release-windows-x86_64 1.4.3 65.00 125.00 190.00 NOTE
r-oldrel-macos-arm64 1.4.3 15.00 29.00 44.00 NOTE
r-oldrel-macos-x86_64 1.4.3 28.00 52.00 80.00 NOTE
r-oldrel-windows-x86_64 1.4.3 78.00 159.00 237.00 NOTE

Check Details

Version: 1.4.3
Check: CRAN incoming feasibility
Result: NOTE Maintainer: ‘ShengLi Tzeng <slt.cmu@gmail.com>’ No Authors@R field in DESCRIPTION. Please add one, modifying Authors@R: c(person(given = "ShengLi", family = "Tzeng", role = c("aut", "cre"), email = "slt.cmu@gmail.com"), person(given = "Hsin-Cheng", family = "Huang", role = "aut"), person(given = "Wen-Ting", family = "Wang", role = "ctb"), person(given = "Douglas", family = "Nychka", role = "ctb"), person(given = "Colin", family = "Gillespie", role = "ctb")) as necessary. Flavors: r-devel-linux-x86_64-debian-clang, r-devel-linux-x86_64-debian-gcc

Version: 1.4.3
Check: C++ specification
Result: NOTE Specified C++11: please drop specification unless essential Flavors: r-devel-linux-x86_64-debian-clang, r-devel-linux-x86_64-debian-gcc, r-devel-linux-x86_64-fedora-clang, r-devel-linux-x86_64-fedora-gcc, r-devel-windows-x86_64, r-patched-linux-x86_64, r-release-linux-x86_64, r-release-macos-arm64, r-release-macos-x86_64, r-release-windows-x86_64, r-oldrel-macos-arm64, r-oldrel-macos-x86_64, r-oldrel-windows-x86_64

Version: 1.4.3
Check: installed package size
Result: NOTE installed size is 26.7Mb sub-directories of 1Mb or more: libs 26.5Mb Flavors: r-oldrel-macos-arm64, r-oldrel-macos-x86_64