CRAN Package Check Results for Package automl

Last updated on 2025-05-06 02:50:11 CEST.

Flavor Version Tinstall Tcheck Ttotal Status Flags
r-devel-linux-x86_64-debian-clang 1.3.2 4.43 34.37 38.80 OK
r-devel-linux-x86_64-debian-gcc 1.3.2 2.65 24.81 27.46 OK
r-devel-linux-x86_64-fedora-clang 1.3.2 60.93 OK
r-devel-linux-x86_64-fedora-gcc 1.3.2 70.98 OK
r-devel-windows-x86_64 1.3.2 5.00 60.00 65.00 OK
r-patched-linux-x86_64 1.3.2 4.16 32.28 36.44 OK
r-release-linux-x86_64 1.3.2 4.38 32.48 36.86 OK
r-release-macos-arm64 1.3.2 25.00 OK
r-release-macos-x86_64 1.3.2 47.00 OK
r-release-windows-x86_64 1.3.2 4.00 65.00 69.00 OK
r-oldrel-macos-arm64 1.3.2 27.00 NOTE
r-oldrel-macos-x86_64 1.3.2 41.00 NOTE
r-oldrel-windows-x86_64 1.3.2 5.00 58.00 63.00 NOTE

Check Details

Version: 1.3.2
Check: LazyData
Result: NOTE 'LazyData' is specified without a 'data' directory Flavors: r-oldrel-macos-arm64, r-oldrel-macos-x86_64, r-oldrel-windows-x86_64