Last updated on 2025-02-19 01:50:42 CET.
Flavor | Version | Tinstall | Tcheck | Ttotal | Status | Flags |
---|---|---|---|---|---|---|
r-devel-linux-x86_64-debian-clang | 0.9.4 | 4.67 | 53.45 | 58.12 | OK | |
r-devel-linux-x86_64-debian-gcc | 0.9.4 | 4.05 | 41.79 | 45.84 | OK | |
r-devel-linux-x86_64-fedora-clang | 0.9.4 | 105.25 | OK | |||
r-devel-linux-x86_64-fedora-gcc | 0.9.4 | 94.35 | OK | |||
r-devel-macos-arm64 | 0.9.4 | 50.00 | OK | |||
r-devel-macos-x86_64 | 0.9.4 | 71.00 | OK | |||
r-devel-windows-x86_64 | 0.9.4 | 18.00 | 260.00 | 278.00 | OK | |
r-patched-linux-x86_64 | 0.9.4 | 4.75 | 52.28 | 57.03 | OK | |
r-release-linux-x86_64 | 0.9.4 | 4.41 | 51.98 | 56.39 | OK | |
r-release-macos-arm64 | 0.9.4 | 57.00 | NOTE | |||
r-release-macos-x86_64 | 0.9.4 | 102.00 | NOTE | |||
r-release-windows-x86_64 | 0.9.4 | 19.00 | 258.00 | 277.00 | NOTE | |
r-oldrel-macos-arm64 | 0.9.3 | 55.00 | NOTE | |||
r-oldrel-macos-x86_64 | 0.9.4 | 69.00 | NOTE | |||
r-oldrel-windows-x86_64 | 0.9.4 | 21.00 | 242.00 | 263.00 | NOTE |
Version: 0.9.4
Check: installed package size
Result: NOTE
installed size is 23.7Mb
sub-directories of 1Mb or more:
libs 22.9Mb
Flavors: r-release-macos-arm64, r-release-macos-x86_64, r-release-windows-x86_64, r-oldrel-macos-x86_64, r-oldrel-windows-x86_64
Version: 0.9.3
Check: installed package size
Result: NOTE
installed size is 23.7Mb
sub-directories of 1Mb or more:
libs 22.9Mb
Flavor: r-oldrel-macos-arm64