Last updated on 2025-11-13 01:50:14 CET.
| Flavor | Version | Tinstall | Tcheck | Ttotal | Status | Flags |
|---|---|---|---|---|---|---|
| r-devel-linux-x86_64-debian-clang | 0.9.6 | 4.38 | 55.63 | 60.01 | OK | |
| r-devel-linux-x86_64-debian-gcc | 0.9.6 | 3.88 | 42.27 | 46.15 | OK | |
| r-devel-linux-x86_64-fedora-clang | 0.9.6 | 26.00 | 73.07 | 99.07 | OK | |
| r-devel-linux-x86_64-fedora-gcc | 0.9.6 | 15.00 | 80.39 | 95.39 | OK | |
| r-devel-windows-x86_64 | 0.9.6 | 24.00 | 309.00 | 333.00 | OK | |
| r-patched-linux-x86_64 | 0.9.6 | 4.56 | 53.96 | 58.52 | OK | |
| r-release-linux-x86_64 | 0.9.6 | 4.49 | 53.79 | 58.28 | OK | |
| r-release-macos-arm64 | 0.9.6 | 14.00 | 61.00 | 75.00 | OK | |
| r-release-macos-x86_64 | 0.9.6 | 14.00 | 70.00 | 84.00 | OK | |
| r-release-windows-x86_64 | 0.9.6 | 21.00 | 312.00 | 333.00 | OK | |
| r-oldrel-macos-arm64 | 0.9.6 | 12.00 | 41.00 | 53.00 | NOTE | |
| r-oldrel-macos-x86_64 | 0.9.6 | 14.00 | 72.00 | 86.00 | NOTE | |
| r-oldrel-windows-x86_64 | 0.9.6 | 33.00 | 370.00 | 403.00 | NOTE |
Version: 0.9.6
Check: installed package size
Result: NOTE
installed size is 23.7Mb
sub-directories of 1Mb or more:
libs 22.9Mb
Flavors: r-oldrel-macos-arm64, r-oldrel-macos-x86_64, r-oldrel-windows-x86_64