CRAN Package Check Results for Package aws.translate

Last updated on 2025-11-13 01:50:14 CET.

Flavor Version Tinstall Tcheck Ttotal Status Flags
r-devel-linux-x86_64-debian-clang 0.1.4 1.76 22.75 24.51 NOTE
r-devel-linux-x86_64-debian-gcc 0.1.4 1.53 19.53 21.06 NOTE
r-devel-linux-x86_64-fedora-clang 0.1.4 35.90 OK
r-devel-linux-x86_64-fedora-gcc 0.1.4 32.92 OK
r-devel-windows-x86_64 0.1.4 8.00 58.00 66.00 OK
r-patched-linux-x86_64 0.1.4 1.74 20.69 22.43 OK
r-release-linux-x86_64 0.1.4 1.66 20.55 22.21 OK
r-release-macos-arm64 0.1.4 1.00 28.00 29.00 OK
r-release-macos-x86_64 0.1.4 2.00 27.00 29.00 OK
r-release-windows-x86_64 0.1.4 6.00 58.00 64.00 OK
r-oldrel-macos-arm64 0.1.4 1.00 20.00 21.00 OK
r-oldrel-macos-x86_64 0.1.4 2.00 23.00 25.00 OK
r-oldrel-windows-x86_64 0.1.4 7.00 61.00 68.00 OK

Check Details

Version: 0.1.4
Check: CRAN incoming feasibility
Result: NOTE Maintainer: ‘Antoine Sachet <antoine.sac@gmail.com>’ Package CITATION file contains call(s) to old-style personList() or as.personList(). Please use c() on person objects instead. Package CITATION file contains call(s) to old-style citEntry(). Please use bibentry() instead. Flavors: r-devel-linux-x86_64-debian-clang, r-devel-linux-x86_64-debian-gcc