Last updated on 2024-07-27 01:53:07 CEST.
Flavor | Version | Tinstall | Tcheck | Ttotal | Status | Flags |
---|---|---|---|---|---|---|
r-devel-linux-x86_64-debian-clang | 0.9.6 | 6.26 | 66.87 | 73.13 | OK | |
r-devel-linux-x86_64-debian-gcc | 0.9.6 | 4.80 | 51.06 | 55.86 | NOTE | |
r-devel-linux-x86_64-fedora-clang | 0.9.6 | 96.75 | OK | |||
r-devel-linux-x86_64-fedora-gcc | 0.9.6 | 87.90 | OK | |||
r-devel-windows-x86_64 | 0.9.6 | 8.00 | 78.00 | 86.00 | NOTE | |
r-patched-linux-x86_64 | 0.9.6 | OK | ||||
r-release-linux-x86_64 | 0.9.6 | 3.70 | 66.52 | 70.22 | OK | |
r-release-macos-arm64 | 0.9.6 | 33.00 | OK | |||
r-release-macos-x86_64 | 0.9.6 | 47.00 | OK | |||
r-release-windows-x86_64 | 0.9.6 | 7.00 | 77.00 | 84.00 | OK | |
r-oldrel-macos-arm64 | 0.9.6 | 37.00 | OK | |||
r-oldrel-macos-x86_64 | 0.9.6 | 51.00 | OK | |||
r-oldrel-windows-x86_64 | 0.9.6 | 8.00 | 85.00 | 93.00 | OK |
Version: 0.9.6
Check: Rd cross-references
Result: NOTE
Found the following Rd file(s) with Rd \link{} targets missing package
anchors:
getBanterModel.Rd: randomForest
Please provide package anchors for all Rd \link{} targets not in the
package itself and the base packages.
Flavors: r-devel-linux-x86_64-debian-gcc, r-devel-windows-x86_64