Last updated on 2025-05-05 01:50:41 CEST.
Flavor | Version | Tinstall | Tcheck | Ttotal | Status | Flags |
---|---|---|---|---|---|---|
r-devel-linux-x86_64-debian-clang | 0.3.0 | 68.03 | 24.66 | 92.69 | NOTE | |
r-devel-linux-x86_64-debian-gcc | 0.3.0 | 56.71 | 25.83 | 82.54 | NOTE | |
r-devel-linux-x86_64-fedora-clang | 0.3.0 | 149.38 | OK | |||
r-devel-linux-x86_64-fedora-gcc | 0.3.0 | 201.52 | OK | |||
r-devel-windows-x86_64 | 0.3.0 | 70.00 | 69.00 | 139.00 | OK | |
r-patched-linux-x86_64 | 0.3.0 | 77.62 | 32.20 | 109.82 | OK | |
r-release-linux-x86_64 | 0.3.0 | 73.56 | 32.05 | 105.61 | OK | |
r-release-macos-arm64 | 0.3.0 | 49.00 | OK | |||
r-release-macos-x86_64 | 0.3.0 | 62.00 | OK | |||
r-release-windows-x86_64 | 0.3.0 | 67.00 | 71.00 | 138.00 | OK | |
r-oldrel-macos-arm64 | 0.3.0 | 48.00 | NOTE | |||
r-oldrel-macos-x86_64 | 0.3.0 | 57.00 | NOTE | |||
r-oldrel-windows-x86_64 | 0.3.0 | 82.00 | 77.00 | 159.00 | OK |
Version: 0.3.0
Check: CRAN incoming feasibility
Result: NOTE
Maintainer: ‘Qingyan Xiang <qyxiang@bu.edu>’
No Authors@R field in DESCRIPTION.
Please add one, modifying
Authors@R: c(person(given = "Qingyan",
family = "Xiang",
role = c("aut", "cre"),
email = "qyxiang@bu.edu"),
person(given = "Naveen",
family = "Narisetty",
role = "aut",
email = "naveen@illinois.edu"))
as necessary.
Flavors: r-devel-linux-x86_64-debian-clang, r-devel-linux-x86_64-debian-gcc
Version: 0.3.0
Check: installed package size
Result: NOTE
installed size is 19.7Mb
sub-directories of 1Mb or more:
libs 19.6Mb
Flavors: r-oldrel-macos-arm64, r-oldrel-macos-x86_64