CRAN Package Check Results for Package bayMDS

Last updated on 2025-11-16 01:49:09 CET.

Flavor Version Tinstall Tcheck Ttotal Status Flags
r-devel-linux-x86_64-debian-clang 2.0 24.18 43.72 67.90 WARN
r-devel-linux-x86_64-debian-gcc 2.0 15.04 31.50 46.54 WARN
r-devel-linux-x86_64-fedora-clang 2.0 51.00 62.77 113.77 NOTE
r-devel-linux-x86_64-fedora-gcc 2.0 59.00 47.79 106.79 NOTE
r-devel-windows-x86_64 2.0 40.00 81.00 121.00 NOTE
r-patched-linux-x86_64 2.0 22.39 42.08 64.47 NOTE
r-release-linux-x86_64 2.0 23.12 42.03 65.15 NOTE
r-release-macos-arm64 2.0 9.00 23.00 32.00 NOTE
r-release-macos-x86_64 2.0 16.00 39.00 55.00 NOTE
r-release-windows-x86_64 2.0 30.00 78.00 108.00 NOTE
r-oldrel-macos-arm64 2.0 9.00 21.00 30.00 NOTE
r-oldrel-macos-x86_64 2.0 16.00 34.00 50.00 NOTE
r-oldrel-windows-x86_64 2.0 37.00 98.00 135.00 NOTE

Check Details

Version: 2.0
Check: whether package can be installed
Result: WARN Found the following significant warnings: /home/hornik/tmp/R.check/r-devel-clang/Work/build/Packages/RcppArmadillo/include/RcppArmadillo/version/arma.h:66:17: warning: Using fallback compilation with Armadillo 14.6.3. Please consider defining -DARMA_USE_CURRENT and also removing C++11 compilation directive. See GitHub issue #475 for more. [-W#pragma-messages] See ‘/home/hornik/tmp/R.check/r-devel-clang/Work/PKGS/bayMDS.Rcheck/00install.out’ for details. * used C++ compiler: ‘Debian clang version 21.1.5 (1)’ Flavor: r-devel-linux-x86_64-debian-clang

Version: 2.0
Check: C++ specification
Result: NOTE Specified C++11: please drop specification unless essential Flavors: r-devel-linux-x86_64-debian-clang, r-devel-linux-x86_64-debian-gcc, r-devel-linux-x86_64-fedora-clang, r-devel-linux-x86_64-fedora-gcc, r-devel-windows-x86_64, r-patched-linux-x86_64, r-release-linux-x86_64, r-release-macos-arm64, r-release-macos-x86_64, r-release-windows-x86_64, r-oldrel-macos-arm64, r-oldrel-macos-x86_64, r-oldrel-windows-x86_64

Version: 2.0
Check: whether package can be installed
Result: WARN Found the following significant warnings: /home/hornik/tmp/R.check/r-devel-gcc/Work/build/Packages/RcppArmadillo/include/RcppArmadillo/version/arma.h:66:199: note: ‘#pragma message: Using fallback compilation with Armadillo 14.6.3. Please consider defining -DARMA_USE_CURRENT and also removing C++11 compilation directive. See GitHub issue #475 for more.’ See ‘/home/hornik/tmp/R.check/r-devel-gcc/Work/PKGS/bayMDS.Rcheck/00install.out’ for details. * used C++ compiler: ‘g++-15 (Debian 15.2.0-7) 15.2.0’ Flavor: r-devel-linux-x86_64-debian-gcc