Last updated on 2024-07-27 01:53:07 CEST.
Flavor | Version | Tinstall | Tcheck | Ttotal | Status | Flags |
---|---|---|---|---|---|---|
r-devel-linux-x86_64-debian-clang | 10.0-1 | 59.83 | 475.33 | 535.16 | OK | |
r-devel-linux-x86_64-debian-gcc | 10.0-1 | 49.21 | 336.77 | 385.98 | NOTE | |
r-devel-linux-x86_64-fedora-clang | 10.0-1 | 643.11 | OK | |||
r-devel-linux-x86_64-fedora-gcc | 10.0-1 | 613.16 | OK | |||
r-devel-windows-x86_64 | 10.0-1 | 54.00 | 283.00 | 337.00 | NOTE | |
r-patched-linux-x86_64 | 10.0-1 | OK | ||||
r-release-linux-x86_64 | 10.0-1 | 46.15 | 436.57 | 482.72 | OK | |
r-release-macos-arm64 | 10.0-1 | 152.00 | OK | |||
r-release-macos-x86_64 | 10.0-1 | 256.00 | OK | |||
r-release-windows-x86_64 | 10.0-1 | 52.00 | 283.00 | 335.00 | OK | |
r-oldrel-macos-arm64 | 10.0-1 | 85.00 | OK | |||
r-oldrel-macos-x86_64 | 10.0-1 | 157.00 | OK | |||
r-oldrel-windows-x86_64 | 10.0-1 | 69.00 | 375.00 | 444.00 | OK |
Version: 10.0-1
Check: Rd cross-references
Result: NOTE
Found the following Rd file(s) with Rd \link{} targets missing package
anchors:
age.specific.migration.Rd: wpp2019
pop.aggregate.Rd: bayesLife, bayesTFR
pop.predict.subnat.Rd: bayesTFR, convert.tfr.trajectories
predict.pop.Rd: bayesLife, convert.e0.trajectories, bayesTFR,
convert.tfr.trajectories
Please provide package anchors for all Rd \link{} targets not in the
package itself and the base packages.
Flavors: r-devel-linux-x86_64-debian-gcc, r-devel-windows-x86_64