Last updated on 2025-05-25 01:49:32 CEST.
Flavor | Version | Tinstall | Tcheck | Ttotal | Status | Flags |
---|---|---|---|---|---|---|
r-devel-linux-x86_64-debian-clang | 1.3.4 | 667.74 | 366.53 | 1034.27 | OK | |
r-devel-linux-x86_64-debian-gcc | 1.3.4 | 548.56 | 297.18 | 845.74 | OK | |
r-devel-linux-x86_64-fedora-clang | 1.3.4 | 1464.28 | OK | |||
r-devel-linux-x86_64-fedora-gcc | 1.3.4 | 1984.90 | OK | |||
r-devel-windows-x86_64 | 1.3.4 | 601.00 | 443.00 | 1044.00 | OK | |
r-patched-linux-x86_64 | 1.3.4 | 665.14 | 409.24 | 1074.38 | OK | |
r-release-linux-x86_64 | 1.3.4 | 689.35 | 408.76 | 1098.11 | OK | |
r-release-macos-arm64 | 1.3.4 | 409.00 | OK | |||
r-release-macos-x86_64 | 1.3.4 | 985.00 | OK | |||
r-release-windows-x86_64 | 1.3.4 | 596.00 | 423.00 | 1019.00 | OK | |
r-oldrel-macos-arm64 | 1.3.4 | 318.00 | NOTE | |||
r-oldrel-macos-x86_64 | 1.3.4 | 407.00 | NOTE | |||
r-oldrel-windows-x86_64 | 1.3.4 | 720.00 | 544.00 | 1264.00 | NOTE |
Version: 1.3.4
Check: installed package size
Result: NOTE
installed size is 147.5Mb
sub-directories of 1Mb or more:
doc 1.0Mb
libs 146.0Mb
Flavors: r-oldrel-macos-arm64, r-oldrel-macos-x86_64, r-oldrel-windows-x86_64
Version: 1.3.4
Check: for GNU extensions in Makefiles
Result: NOTE
GNU make is a SystemRequirements.
Flavors: r-oldrel-macos-arm64, r-oldrel-macos-x86_64, r-oldrel-windows-x86_64