CRAN Package Check Results for Package bayesrules

Last updated on 2025-07-17 02:49:19 CEST.

Flavor Version Tinstall Tcheck Ttotal Status Flags
r-devel-linux-x86_64-debian-clang 0.0.2 22.19 260.63 282.82 NOTE
r-devel-linux-x86_64-debian-gcc 0.0.2 20.65 184.25 204.90 NOTE
r-devel-linux-x86_64-fedora-clang 0.0.2 452.82 NOTE
r-devel-linux-x86_64-fedora-gcc 0.0.2 460.96 NOTE
r-devel-windows-x86_64 0.0.2 31.00 237.00 268.00 NOTE
r-patched-linux-x86_64 0.0.2 23.46 246.67 270.13 NOTE
r-release-linux-x86_64 0.0.2 22.80 250.52 273.32 NOTE
r-release-macos-arm64 0.0.2 111.00 NOTE
r-release-macos-x86_64 0.0.2 244.00 NOTE
r-release-windows-x86_64 0.0.2 38.00 242.00 280.00 NOTE
r-oldrel-macos-arm64 0.0.2 109.00 NOTE
r-oldrel-macos-x86_64 0.0.2 163.00 NOTE
r-oldrel-windows-x86_64 0.0.2 32.00 317.00 349.00 NOTE

Check Details

Version: 0.0.2
Check: package subdirectories
Result: NOTE Problems with news in ‘NEWS.md’: No news entries found. Flavors: r-devel-linux-x86_64-debian-clang, r-devel-linux-x86_64-debian-gcc, r-devel-linux-x86_64-fedora-clang, r-devel-linux-x86_64-fedora-gcc, r-devel-windows-x86_64, r-patched-linux-x86_64, r-release-linux-x86_64, r-release-macos-arm64, r-release-macos-x86_64, r-release-windows-x86_64, r-oldrel-macos-arm64, r-oldrel-macos-x86_64, r-oldrel-windows-x86_64

Version: 0.0.2
Check: Rd files
Result: NOTE checkRd: (-1) pulse_of_the_nation.Rd:10: Escaped LaTeX specials: \$ Flavors: r-devel-linux-x86_64-debian-clang, r-devel-linux-x86_64-debian-gcc, r-devel-linux-x86_64-fedora-clang, r-devel-linux-x86_64-fedora-gcc, r-devel-windows-x86_64, r-patched-linux-x86_64, r-release-linux-x86_64, r-release-macos-arm64, r-release-macos-x86_64, r-release-windows-x86_64, r-oldrel-macos-arm64, r-oldrel-macos-x86_64, r-oldrel-windows-x86_64