Last updated on 2024-07-27 01:53:07 CEST.
Flavor | Version | Tinstall | Tcheck | Ttotal | Status | Flags |
---|---|---|---|---|---|---|
r-devel-linux-x86_64-debian-clang | 0.14.0 | 14.01 | 908.22 | 922.23 | OK | |
r-devel-linux-x86_64-debian-gcc | 0.14.0 | 11.19 | 669.76 | 680.95 | OK | |
r-devel-linux-x86_64-fedora-clang | 0.14.0 | 914.63 | OK | |||
r-devel-linux-x86_64-fedora-gcc | 0.14.0 | 1338.74 | OK | |||
r-devel-windows-x86_64 | 0.13.2 | 14.00 | 361.00 | 375.00 | OK | |
r-patched-linux-x86_64 | 0.13.2 | OK | ||||
r-release-linux-x86_64 | 0.13.2 | 16.25 | 860.19 | 876.44 | NOTE | |
r-release-macos-arm64 | 0.14.0 | 170.00 | OK | |||
r-release-macos-x86_64 | 0.14.0 | 532.00 | OK | |||
r-release-windows-x86_64 | 0.14.0 | 16.00 | 376.00 | 392.00 | OK | |
r-oldrel-macos-arm64 | 0.14.0 | 156.00 | WARN | |||
r-oldrel-macos-x86_64 | 0.14.0 | 325.00 | WARN | |||
r-oldrel-windows-x86_64 | 0.14.0 | 19.00 | 348.00 | 367.00 | OK |
Version: 0.13.2
Check: package dependencies
Result: NOTE
Package suggested but not available for checking: ‘blavaan’
Flavor: r-release-linux-x86_64
Version: 0.14.0
Check: Rd cross-references
Result: WARN
Missing link or links in documentation object 'estimate_density.Rd':
‘[datawizard:extract_column_names]{datawizard::extract_column_names()}’
See section 'Cross-references' in the 'Writing R Extensions' manual.
Flavors: r-oldrel-macos-arm64, r-oldrel-macos-x86_64