Last updated on 2025-05-25 01:49:32 CEST.
Flavor | Version | Tinstall | Tcheck | Ttotal | Status | Flags |
---|---|---|---|---|---|---|
r-devel-linux-x86_64-debian-clang | 2.0.4 | 40.16 | 73.35 | 113.51 | OK | |
r-devel-linux-x86_64-debian-gcc | 2.0.4 | 29.80 | 54.42 | 84.22 | OK | |
r-devel-linux-x86_64-fedora-clang | 2.0.4 | 189.15 | OK | |||
r-devel-linux-x86_64-fedora-gcc | 2.0.4 | 198.45 | OK | |||
r-devel-windows-x86_64 | 2.0.4 | 51.00 | 106.00 | 157.00 | OK | |
r-patched-linux-x86_64 | 2.0.4 | 41.20 | 68.88 | 110.08 | OK | |
r-release-linux-x86_64 | 2.0.4 | 41.99 | 69.61 | 111.60 | OK | |
r-release-macos-arm64 | 2.0.4 | 55.00 | OK | |||
r-release-macos-x86_64 | 2.0.4 | 132.00 | OK | |||
r-release-windows-x86_64 | 2.0.4 | 49.00 | 101.00 | 150.00 | OK | |
r-oldrel-macos-arm64 | 2.0.4 | 54.00 | OK | |||
r-oldrel-macos-x86_64 | 2.0.4 | 146.00 | NOTE | |||
r-oldrel-windows-x86_64 | 2.0.4 | 60.00 | 125.00 | 185.00 | OK |
Version: 2.0.4
Check: installed package size
Result: NOTE
installed size is 5.0Mb
sub-directories of 1Mb or more:
libs 4.4Mb
Flavor: r-oldrel-macos-x86_64