Last updated on 2025-05-08 01:50:57 CEST.
Flavor | Version | Tinstall | Tcheck | Ttotal | Status | Flags |
---|---|---|---|---|---|---|
r-devel-linux-x86_64-debian-clang | 3.1 | 779.95 | 235.80 | 1015.75 | NOTE | |
r-devel-linux-x86_64-debian-gcc | 3.1 | 728.29 | 214.48 | 942.77 | NOTE | |
r-devel-linux-x86_64-fedora-clang | 3.1 | 1529.96 | OK | |||
r-devel-linux-x86_64-fedora-gcc | 3.1 | 2322.44 | OK | |||
r-devel-windows-x86_64 | 3.1 | 862.00 | 313.00 | 1175.00 | OK | |
r-patched-linux-x86_64 | 3.1 | 888.62 | 309.08 | 1197.70 | OK | |
r-release-linux-x86_64 | 3.1 | 891.23 | 309.23 | 1200.46 | OK | |
r-release-macos-arm64 | 3.1 | 398.00 | OK | |||
r-release-macos-x86_64 | 3.1 | 585.00 | OK | |||
r-release-windows-x86_64 | 3.1 | 834.00 | 307.00 | 1141.00 | OK | |
r-oldrel-macos-arm64 | 3.1 | 218.00 | NOTE | |||
r-oldrel-macos-x86_64 | 3.1 | 238.00 | NOTE | |||
r-oldrel-windows-x86_64 | 3.1 | 932.00 | 385.00 | 1317.00 | NOTE |
Version: 3.1
Check: CRAN incoming feasibility
Result: NOTE
Maintainer: ‘Chenguang Wang <cwang68@jhmi.edu>’
No Authors@R field in DESCRIPTION.
Please add one, modifying
Authors@R: c(person(given = "Chenguang",
family = "Wang",
role = c("aut", "cre"),
email = "cwang68@jhmi.edu"),
person(given = "Ravi",
family = "Varadhan",
role = "aut"),
person(given = c("Trustees", "of", "Columbia"),
family = "University",
role = "cph",
comment = "tools/make_cpp.R, R/stanmodels.R"))
as necessary.
Flavors: r-devel-linux-x86_64-debian-clang, r-devel-linux-x86_64-debian-gcc
Version: 3.1
Check: installed package size
Result: NOTE
installed size is 118.5Mb
sub-directories of 1Mb or more:
libs 116.9Mb
Flavors: r-oldrel-macos-arm64, r-oldrel-macos-x86_64, r-oldrel-windows-x86_64
Version: 3.1
Check: for GNU extensions in Makefiles
Result: NOTE
GNU make is a SystemRequirements.
Flavors: r-oldrel-macos-arm64, r-oldrel-macos-x86_64, r-oldrel-windows-x86_64