Last updated on 2024-07-27 01:53:07 CEST.
Flavor | Version | Tinstall | Tcheck | Ttotal | Status | Flags |
---|---|---|---|---|---|---|
r-devel-linux-x86_64-debian-clang | 1.0.7 | 7.42 | 66.92 | 74.34 | OK | |
r-devel-linux-x86_64-debian-gcc | 1.0.7 | 5.78 | 49.08 | 54.86 | NOTE | |
r-devel-linux-x86_64-fedora-clang | 1.0.7 | 92.90 | OK | |||
r-devel-linux-x86_64-fedora-gcc | 1.0.7 | 99.66 | OK | |||
r-devel-windows-x86_64 | 1.0.7 | 9.00 | 224.00 | 233.00 | NOTE | |
r-patched-linux-x86_64 | 1.0.7 | OK | ||||
r-release-linux-x86_64 | 1.0.7 | 7.86 | 62.45 | 70.31 | OK | |
r-release-macos-arm64 | 1.0.7 | 38.00 | OK | |||
r-release-macos-x86_64 | 1.0.7 | 83.00 | OK | |||
r-release-windows-x86_64 | 1.0.7 | 8.00 | 150.00 | 158.00 | OK | |
r-oldrel-macos-arm64 | 1.0.7 | 36.00 | OK | |||
r-oldrel-macos-x86_64 | 1.0.7 | 56.00 | OK | |||
r-oldrel-windows-x86_64 | 1.0.7 | 9.00 | 333.00 | 342.00 | OK |
Version: 1.0.7
Check: Rd cross-references
Result: NOTE
Found the following Rd file(s) with Rd \link{} targets missing package
anchors:
bedr.plot.region.Rd: venn.diagram
Please provide package anchors for all Rd \link{} targets not in the
package itself and the base packages.
Flavors: r-devel-linux-x86_64-debian-gcc, r-devel-windows-x86_64