CRAN Package Check Results for Package beezdiscounting

Last updated on 2025-05-04 02:50:00 CEST.

Flavor Version Tinstall Tcheck Ttotal Status Flags
r-devel-linux-x86_64-debian-clang 0.3.2 3.47 35.82 39.29 NOTE
r-devel-linux-x86_64-debian-gcc 0.3.2 2.20 26.86 29.06 NOTE
r-devel-linux-x86_64-fedora-clang 0.3.2 56.04 NOTE
r-devel-linux-x86_64-fedora-gcc 0.3.2 54.53 NOTE
r-devel-windows-x86_64 0.3.2 5.00 58.00 63.00 NOTE
r-patched-linux-x86_64 0.3.2 3.67 31.71 35.38 NOTE
r-release-linux-x86_64 NOTE
r-release-macos-arm64 0.3.2 24.00 NOTE
r-release-macos-x86_64 0.3.2 52.00 NOTE
r-release-windows-x86_64 0.3.2 6.00 58.00 64.00 NOTE
r-oldrel-macos-arm64 0.3.2 27.00 OK
r-oldrel-macos-x86_64 0.3.2 36.00 OK
r-oldrel-windows-x86_64 0.3.2 8.00 66.00 74.00 OK

Check Details

Version: 0.3.2
Check: DESCRIPTION meta-information
Result: NOTE Missing dependency on R >= 4.2.0 because package code uses the pipe placeholder syntax added in R 4.2.0. File(s) using such syntax: ‘fitting.R’ Flavors: r-devel-linux-x86_64-debian-clang, r-devel-linux-x86_64-debian-gcc, r-devel-linux-x86_64-fedora-clang, r-devel-linux-x86_64-fedora-gcc, r-devel-windows-x86_64, r-patched-linux-x86_64, r-release-linux-x86_64, r-release-macos-arm64, r-release-windows-x86_64

Version: 0.3.2
Check: DESCRIPTION meta-information
Result: NOTE Missing dependency on R >= 4.1.0 because package code uses the pipe |> or function shorthand \(...) syntax added in R 4.1.0. File(s) using such syntax: ‘fitting.R’ ‘fivetrial.R’ ‘mcq.R’ ‘utils.R’ Flavor: r-release-macos-x86_64