Last updated on 2025-05-07 01:49:49 CEST.
Flavor | Version | Tinstall | Tcheck | Ttotal | Status | Flags |
---|---|---|---|---|---|---|
r-devel-linux-x86_64-debian-clang | 0.5.5 | 10.41 | 100.80 | 111.21 | NOTE | |
r-devel-linux-x86_64-debian-gcc | 0.5.5 | 6.66 | 71.53 | 78.19 | NOTE | |
r-devel-linux-x86_64-fedora-clang | 0.5.5 | 167.81 | OK | |||
r-devel-linux-x86_64-fedora-gcc | 0.5.5 | 181.70 | OK | |||
r-devel-windows-x86_64 | 0.5.5 | 13.00 | 111.00 | 124.00 | NOTE | |
r-patched-linux-x86_64 | 0.5.5 | 12.76 | 92.52 | 105.28 | NOTE | |
r-release-linux-x86_64 | 0.5.5 | 10.37 | 96.07 | 106.44 | NOTE | |
r-release-macos-arm64 | 0.5.5 | 64.00 | OK | |||
r-release-macos-x86_64 | 0.5.5 | 145.00 | OK | |||
r-release-windows-x86_64 | 0.5.5 | 12.00 | 112.00 | 124.00 | NOTE | |
r-oldrel-macos-arm64 | 0.5.5 | 57.00 | OK | |||
r-oldrel-macos-x86_64 | 0.5.5 | 89.00 | OK | |||
r-oldrel-windows-x86_64 | 0.5.5 | 18.00 | 133.00 | 151.00 | OK |
Version: 0.5.5
Check: Rd cross-references
Result: NOTE
Found the following Rd file(s) with Rd \link{} targets missing package
anchors:
CIBER.Rd: ggplot2, biAxisDiamondPlot, diamondPlot, gtable
determinantStructure.Rd: data.tree
Please provide package anchors for all Rd \link{} targets not in the
package itself and the base packages.
Flavors: r-devel-linux-x86_64-debian-clang, r-devel-linux-x86_64-debian-gcc, r-devel-windows-x86_64, r-patched-linux-x86_64, r-release-linux-x86_64, r-release-windows-x86_64