Last updated on 2024-07-27 01:53:07 CEST.
Flavor | Version | Tinstall | Tcheck | Ttotal | Status | Flags |
---|---|---|---|---|---|---|
r-devel-linux-x86_64-debian-clang | 0.2.5 | 18.22 | 41.43 | 59.65 | NOTE | |
r-devel-linux-x86_64-debian-gcc | 0.2.5 | 11.33 | 31.78 | 43.11 | NOTE | |
r-devel-linux-x86_64-fedora-clang | 0.2.5 | 102.55 | NOTE | |||
r-devel-linux-x86_64-fedora-gcc | 0.2.5 | 75.98 | NOTE | |||
r-devel-windows-x86_64 | 0.2.5 | 17.00 | 70.00 | 87.00 | NOTE | |
r-patched-linux-x86_64 | 0.2.5 | NOTE | ||||
r-release-linux-x86_64 | 0.2.5 | 14.27 | 39.04 | 53.31 | NOTE | |
r-release-macos-arm64 | 0.2.5 | 27.00 | NOTE | |||
r-release-macos-x86_64 | 0.2.5 | 57.00 | NOTE | |||
r-release-windows-x86_64 | 0.2.5 | 23.00 | 68.00 | 91.00 | NOTE | |
r-oldrel-macos-arm64 | 0.2.5 | 33.00 | NOTE | |||
r-oldrel-macos-x86_64 | 0.2.5 | 48.00 | NOTE | |||
r-oldrel-windows-x86_64 | 0.2.5 | 16.00 | 83.00 | 99.00 | NOTE |
Version: 0.2.5
Check: C++ specification
Result: NOTE
Specified C++11: please drop specification unless essential
Flavors: r-devel-linux-x86_64-debian-clang, r-devel-linux-x86_64-debian-gcc, r-devel-linux-x86_64-fedora-clang, r-devel-linux-x86_64-fedora-gcc, r-devel-windows-x86_64, r-patched-linux-x86_64, r-release-linux-x86_64, r-release-macos-arm64, r-release-macos-x86_64, r-release-windows-x86_64, r-oldrel-macos-arm64, r-oldrel-macos-x86_64, r-oldrel-windows-x86_64
Version: 0.2.5
Check: LazyData
Result: NOTE
'LazyData' is specified without a 'data' directory
Flavors: r-devel-linux-x86_64-debian-clang, r-devel-linux-x86_64-debian-gcc, r-devel-linux-x86_64-fedora-clang, r-devel-linux-x86_64-fedora-gcc, r-devel-windows-x86_64, r-patched-linux-x86_64, r-release-linux-x86_64, r-release-macos-arm64, r-release-macos-x86_64, r-release-windows-x86_64, r-oldrel-macos-arm64, r-oldrel-macos-x86_64, r-oldrel-windows-x86_64