Last updated on 2024-07-27 01:53:07 CEST.
Flavor | Version | Tinstall | Tcheck | Ttotal | Status | Flags |
---|---|---|---|---|---|---|
r-devel-linux-x86_64-debian-clang | 0.3.0 | 164.96 | 232.56 | 397.52 | NOTE | |
r-devel-linux-x86_64-debian-gcc | 0.3.0 | 138.77 | 180.73 | 319.50 | NOTE | |
r-devel-linux-x86_64-fedora-clang | 0.3.0 | 527.34 | NOTE | |||
r-devel-linux-x86_64-fedora-gcc | 0.3.0 | 594.34 | NOTE | |||
r-devel-windows-x86_64 | 0.3.0 | 151.00 | 219.00 | 370.00 | NOTE | |
r-patched-linux-x86_64 | 0.3.0 | NOTE | ||||
r-release-linux-x86_64 | 0.3.0 | 136.95 | 235.28 | 372.23 | NOTE | |
r-release-macos-arm64 | 0.3.0 | 127.00 | NOTE | |||
r-release-macos-x86_64 | 0.3.0 | 265.00 | NOTE | |||
r-release-windows-x86_64 | 0.3.0 | 140.00 | 219.00 | 359.00 | NOTE | |
r-oldrel-macos-arm64 | 0.3.0 | 223.00 | NOTE | |||
r-oldrel-macos-x86_64 | 0.3.0 | 344.00 | NOTE | |||
r-oldrel-windows-x86_64 | 0.3.0 | 178.00 | 261.00 | 439.00 | NOTE |
Version: 0.3.0
Check: for GNU extensions in Makefiles
Result: NOTE
GNU make is a SystemRequirements.
Flavors: r-devel-linux-x86_64-debian-clang, r-devel-linux-x86_64-debian-gcc, r-devel-linux-x86_64-fedora-clang, r-devel-linux-x86_64-fedora-gcc, r-devel-windows-x86_64, r-patched-linux-x86_64, r-release-linux-x86_64, r-release-macos-arm64, r-release-macos-x86_64, r-release-windows-x86_64, r-oldrel-macos-arm64, r-oldrel-macos-x86_64, r-oldrel-windows-x86_64
Version: 0.3.0
Check: Rd cross-references
Result: NOTE
Found the following Rd file(s) with Rd \link{} targets missing package
anchors:
generate_model_data.Rd: tibble
kit_summary_table.Rd: stanfit
plot_kit_use.Rd: stanfit, ggplot2
Please provide package anchors for all Rd \link{} targets not in the
package itself and the base packages.
Flavors: r-devel-linux-x86_64-debian-gcc, r-devel-windows-x86_64
Version: 0.3.0
Check: Rd cross-references
Result: NOTE
Undeclared package ‘tibble’ in Rd xrefs
Flavor: r-devel-linux-x86_64-fedora-clang
Version: 0.3.0
Check: installed package size
Result: NOTE
installed size is 43.4Mb
sub-directories of 1Mb or more:
libs 42.8Mb
Flavors: r-release-macos-arm64, r-release-macos-x86_64, r-oldrel-macos-arm64, r-oldrel-macos-x86_64