Last updated on 2025-05-05 01:50:41 CEST.
Flavor | Version | Tinstall | Tcheck | Ttotal | Status | Flags |
---|---|---|---|---|---|---|
r-devel-linux-x86_64-debian-clang | 1.0.1 | 53.52 | 28.35 | 81.87 | NOTE | |
r-devel-linux-x86_64-debian-gcc | 1.0.1 | 37.86 | 22.35 | 60.21 | NOTE | |
r-devel-linux-x86_64-fedora-clang | 1.0.1 | 146.98 | OK | |||
r-devel-linux-x86_64-fedora-gcc | 1.0.1 | 154.69 | OK | |||
r-devel-windows-x86_64 | 1.0.1 | 60.00 | 68.00 | 128.00 | OK | |
r-patched-linux-x86_64 | 1.0.1 | 51.10 | 27.39 | 78.49 | OK | |
r-release-linux-x86_64 | 1.0.1 | 51.71 | 27.27 | 78.98 | OK | |
r-release-macos-arm64 | 1.0.1 | 42.00 | OK | |||
r-release-macos-x86_64 | 1.0.1 | 56.00 | OK | |||
r-release-windows-x86_64 | 1.0.1 | 56.00 | 63.00 | 119.00 | OK | |
r-oldrel-macos-arm64 | 1.0.1 | 39.00 | OK | |||
r-oldrel-macos-x86_64 | 1.0.1 | 53.00 | OK | |||
r-oldrel-windows-x86_64 | 1.0.1 | 68.00 | 82.00 | 150.00 | OK |
Version: 1.0.1
Check: CRAN incoming feasibility
Result: NOTE
Maintainer: ‘Haiming Zhou <haiming2019@gmail.com>’
Package CITATION file contains call(s) to old-style personList() or
as.personList(). Please use c() on person objects instead.
Package CITATION file contains call(s) to old-style citEntry(). Please
use bibentry() instead.
Flavors: r-devel-linux-x86_64-debian-clang, r-devel-linux-x86_64-debian-gcc