Last updated on 2024-07-27 01:53:07 CEST.
Flavor | Version | Tinstall | Tcheck | Ttotal | Status | Flags |
---|---|---|---|---|---|---|
r-devel-linux-x86_64-debian-clang | 2.0.3.1 | 15.35 | 134.79 | 150.14 | OK | |
r-devel-linux-x86_64-debian-gcc | 2.0.3.1 | 11.06 | 97.71 | 108.77 | NOTE | |
r-devel-linux-x86_64-fedora-clang | 2.0.3.1 | 185.04 | OK | |||
r-devel-linux-x86_64-fedora-gcc | 2.0.3.1 | 187.41 | OK | |||
r-devel-windows-x86_64 | 2.0.3.1 | 18.00 | 110.00 | 128.00 | NOTE | |
r-patched-linux-x86_64 | 2.0.3.1 | OK | ||||
r-release-linux-x86_64 | 2.0.3.1 | 15.96 | 125.13 | 141.09 | OK | |
r-release-macos-arm64 | 2.0.3.1 | 49.00 | OK | |||
r-release-macos-x86_64 | 2.0.3.1 | 79.00 | OK | |||
r-release-windows-x86_64 | 2.0.3.1 | 17.00 | 112.00 | 129.00 | OK | |
r-oldrel-macos-arm64 | 2.0.3.1 | 53.00 | OK | |||
r-oldrel-macos-x86_64 | 2.0.3.1 | 109.00 | OK | |||
r-oldrel-windows-x86_64 | 2.0.3.1 | 23.00 | 139.00 | 162.00 | OK |
Version: 2.0.3.1
Check: Rd cross-references
Result: NOTE
Found the following Rd file(s) with Rd \link{} targets missing package
anchors:
diagnosticTest.Rd: additivityTests
Please provide package anchors for all Rd \link{} targets not in the
package itself and the base packages.
Flavors: r-devel-linux-x86_64-debian-gcc, r-devel-windows-x86_64