Last updated on 2024-07-27 01:53:07 CEST.
Flavor | Version | Tinstall | Tcheck | Ttotal | Status | Flags |
---|---|---|---|---|---|---|
r-devel-linux-x86_64-debian-clang | 0.1.8 | 16.37 | 44.85 | 61.22 | OK | |
r-devel-linux-x86_64-debian-gcc | 0.1.8 | 11.75 | 35.79 | 47.54 | NOTE | |
r-devel-linux-x86_64-fedora-clang | 0.1.8 | 85.11 | OK | |||
r-devel-linux-x86_64-fedora-gcc | 0.1.8 | 84.66 | OK | |||
r-patched-linux-x86_64 | 0.1.8 | OK | ||||
r-release-linux-x86_64 | 0.1.8 | 14.40 | 44.15 | 58.55 | OK | |
r-release-macos-arm64 | 0.1.8 | 5.00 | ERROR | |||
r-release-macos-x86_64 | 0.1.8 | 9.00 | ERROR | |||
r-oldrel-macos-arm64 | 0.1.8 | 11.00 | ERROR | |||
r-oldrel-macos-x86_64 | 0.1.8 | 11.00 | ERROR |
Version: 0.1.8
Check: Rd cross-references
Result: NOTE
Found the following Rd file(s) with Rd \link{} targets missing package
anchors:
bigGP.exit.Rd: mpi.exit, mpi.quit
Please provide package anchors for all Rd \link{} targets not in the
package itself and the base packages.
Flavor: r-devel-linux-x86_64-debian-gcc
Version: 0.1.8
Check: package dependencies
Result: ERROR
Package required but not available: ‘Rmpi’
See section ‘The DESCRIPTION file’ in the ‘Writing R Extensions’
manual.
Flavors: r-release-macos-arm64, r-release-macos-x86_64, r-oldrel-macos-arm64, r-oldrel-macos-x86_64