Last updated on 2024-07-27 01:53:07 CEST.
Flavor | Version | Tinstall | Tcheck | Ttotal | Status | Flags |
---|---|---|---|---|---|---|
r-devel-linux-x86_64-debian-clang | 1.5.12 | 175.02 | 254.59 | 429.61 | NOTE | |
r-devel-linux-x86_64-debian-gcc | 1.5.12 | 125.22 | 193.70 | 318.92 | NOTE | |
r-devel-linux-x86_64-fedora-clang | 1.5.12 | 613.91 | NOTE | |||
r-devel-linux-x86_64-fedora-gcc | 1.5.12 | 587.55 | NOTE | |||
r-devel-windows-x86_64 | 1.5.12 | 195.00 | 245.00 | 440.00 | NOTE | |
r-patched-linux-x86_64 | 1.5.12 | NOTE | ||||
r-release-linux-x86_64 | 1.5.12 | 143.05 | 249.11 | 392.16 | NOTE | |
r-release-macos-arm64 | 1.5.12 | 130.00 | NOTE | |||
r-release-macos-x86_64 | 1.5.12 | 220.00 | NOTE | |||
r-release-windows-x86_64 | 1.5.12 | 229.00 | 238.00 | 467.00 | NOTE | |
r-oldrel-macos-arm64 | 1.5.12 | 162.00 | NOTE | |||
r-oldrel-macos-x86_64 | 1.5.12 | 319.00 | NOTE | |||
r-oldrel-windows-x86_64 | 1.5.12 | 221.00 | 309.00 | 530.00 | NOTE |
Version: 1.5.12
Check: C++ specification
Result: NOTE
Specified C++11: please drop specification unless essential
Flavors: r-devel-linux-x86_64-debian-clang, r-devel-linux-x86_64-debian-gcc, r-devel-linux-x86_64-fedora-clang, r-devel-linux-x86_64-fedora-gcc, r-devel-windows-x86_64, r-patched-linux-x86_64, r-release-linux-x86_64, r-release-macos-arm64, r-release-macos-x86_64, r-release-windows-x86_64, r-oldrel-macos-arm64, r-oldrel-macos-x86_64, r-oldrel-windows-x86_64
Version: 1.5.12
Check: Rd files
Result: NOTE
checkRd: (-1) FBM-class.Rd:97: Lost braces; missing escapes or markup?
97 | to be used by package {bigmemory}.
| ^
checkRd: (-1) FBM-class.Rd:99: Lost braces; missing escapes or markup?
99 | to be used by package {bigmemory}.
| ^
checkRd: (-1) big_read.Rd:57: Lost braces; missing escapes or markup?
57 | Read a file as a Filebacked Big Matrix by using package {bigreadr}.
| ^
Flavors: r-devel-linux-x86_64-debian-clang, r-devel-linux-x86_64-debian-gcc, r-devel-linux-x86_64-fedora-clang, r-devel-linux-x86_64-fedora-gcc, r-devel-windows-x86_64, r-patched-linux-x86_64, r-release-linux-x86_64, r-release-macos-arm64, r-release-macos-x86_64, r-release-windows-x86_64
Version: 1.5.12
Check: dependencies in R code
Result: NOTE
Namespace in Imports field not imported from: ‘rmio’
All declared Imports should be used.
Flavors: r-devel-linux-x86_64-fedora-clang, r-devel-linux-x86_64-fedora-gcc
Version: 1.5.12
Check: installed package size
Result: NOTE
installed size is 11.6Mb
sub-directories of 1Mb or more:
extdata 2.3Mb
libs 8.6Mb
Flavors: r-release-macos-arm64, r-release-macos-x86_64, r-oldrel-macos-arm64, r-oldrel-macos-x86_64