CRAN Package Check Results for Package binsmooth

Last updated on 2025-10-05 01:48:24 CEST.

Flavor Version Tinstall Tcheck Ttotal Status Flags
r-devel-linux-x86_64-debian-clang 0.2.2 2.71 31.41 34.12 NOTE
r-devel-linux-x86_64-debian-gcc 0.2.2 2.15 25.40 27.55 NOTE
r-devel-linux-x86_64-fedora-clang 0.2.2 54.12 OK
r-devel-linux-x86_64-fedora-gcc 0.2.2 49.84 OK
r-devel-windows-x86_64 0.2.2 4.00 50.00 54.00 OK
r-patched-linux-x86_64 0.2.2 2.86 29.67 32.53 OK
r-release-linux-x86_64 0.2.2 2.84 29.90 32.74 OK
r-release-macos-arm64 0.2.2 21.00 OK
r-release-macos-x86_64 0.2.2 49.00 OK
r-release-windows-x86_64 0.2.2 4.00 51.00 55.00 OK
r-oldrel-macos-arm64 0.2.2 24.00 OK
r-oldrel-macos-x86_64 0.2.2 30.00 OK
r-oldrel-windows-x86_64 0.2.2 4.00 55.00 59.00 OK

Check Details

Version: 0.2.2
Check: CRAN incoming feasibility
Result: NOTE Maintainer: ‘Dave Hunter <dhunter@westmont.edu>’ No Authors@R field in DESCRIPTION. Please add one, modifying Authors@R: c(person(given = c("David", "J."), family = "Hunter", role = "aut"), person(given = "McKalie", family = "Drown", role = "aut"), person(given = "Dave", family = "Hunter", role = "cre", email = "dhunter@westmont.edu")) as necessary. Flavors: r-devel-linux-x86_64-debian-clang, r-devel-linux-x86_64-debian-gcc