CRAN Package Check Results for Package bio.infer

Last updated on 2025-05-08 01:50:57 CEST.

Flavor Version Tinstall Tcheck Ttotal Status Flags
r-devel-linux-x86_64-debian-clang 1.3-6 4.67 45.86 50.53 NOTE
r-devel-linux-x86_64-debian-gcc 1.3-6 3.57 34.56 38.13 NOTE
r-devel-linux-x86_64-fedora-clang 1.3-6 83.84 OK
r-devel-linux-x86_64-fedora-gcc 1.3-6 79.40 OK
r-devel-windows-x86_64 1.3-6 7.00 66.00 73.00 OK
r-patched-linux-x86_64 1.3-6 5.15 44.66 49.81 OK
r-release-linux-x86_64 1.3-6 4.57 44.41 48.98 OK
r-release-macos-arm64 1.3-6 40.00 OK
r-release-macos-x86_64 1.3-6 75.00 OK
r-release-windows-x86_64 1.3-6 6.00 77.00 83.00 OK
r-oldrel-macos-arm64 1.3-6 35.00 OK
r-oldrel-macos-x86_64 1.3-6 44.00 OK
r-oldrel-windows-x86_64 1.3-6 5.00 65.00 70.00 OK

Check Details

Version: 1.3-6
Check: CRAN incoming feasibility
Result: NOTE Maintainer: ‘Lester L. Yuan <yuan.lester@epa.gov>’ No Authors@R field in DESCRIPTION. Please add one, modifying Authors@R: person(given = c("Lester", "L."), family = "Yuan", role = c("aut", "cre"), email = "yuan.lester@epa.gov") as necessary. Flavors: r-devel-linux-x86_64-debian-clang, r-devel-linux-x86_64-debian-gcc