Last updated on 2025-11-13 02:52:14 CET.
| Flavor | Version | Tinstall | Tcheck | Ttotal | Status | Flags |
|---|---|---|---|---|---|---|
| r-devel-linux-x86_64-debian-clang | 2.4-5 | 50.83 | 185.29 | 236.12 | OK | |
| r-devel-linux-x86_64-debian-gcc | 2.4-5 | 37.28 | 120.68 | 157.96 | OK | |
| r-devel-linux-x86_64-fedora-clang | 2.4-5 | 224.00 | 188.61 | 412.61 | OK | |
| r-devel-linux-x86_64-fedora-gcc | 2.4-5 | 108.00 | 281.64 | 389.64 | OK | |
| r-devel-windows-x86_64 | 2.4-5 | 56.00 | 239.00 | 295.00 | OK | |
| r-patched-linux-x86_64 | 2.4-5 | 55.25 | 181.37 | 236.62 | OK | |
| r-release-linux-x86_64 | 2.4-5 | 49.19 | 178.15 | 227.34 | OK | |
| r-release-macos-arm64 | 2.4-5 | 22.00 | 73.00 | 95.00 | OK | |
| r-release-macos-x86_64 | 2.4-5 | 40.00 | 234.00 | 274.00 | OK | |
| r-release-windows-x86_64 | 2.4-5 | 60.00 | 241.00 | 301.00 | OK | |
| r-oldrel-macos-arm64 | 2.4-5 | 20.00 | 72.00 | 92.00 | NOTE | |
| r-oldrel-macos-x86_64 | 2.4-5 | 29.00 | 231.00 | 260.00 | NOTE | |
| r-oldrel-windows-x86_64 | 2.4-5 | 66.00 | 301.00 | 367.00 | OK |
Version: 2.4-5
Check: installed package size
Result: NOTE
installed size is 6.7Mb
sub-directories of 1Mb or more:
R 1.0Mb
libs 3.0Mb
Flavors: r-oldrel-macos-arm64, r-oldrel-macos-x86_64