Last updated on 2025-02-14 02:49:39 CET.
Flavor | Version | Tinstall | Tcheck | Ttotal | Status | Flags |
---|---|---|---|---|---|---|
r-devel-linux-x86_64-debian-clang | 1.0 | 32.21 | 100.20 | 132.41 | OK | |
r-devel-linux-x86_64-debian-gcc | 1.0 | 23.02 | 72.29 | 95.31 | OK | |
r-devel-linux-x86_64-fedora-clang | 1.0 | 221.09 | NOTE | |||
r-devel-linux-x86_64-fedora-gcc | 1.0 | 226.39 | NOTE | |||
r-devel-windows-x86_64 | 1.0 | 35.00 | 136.00 | 171.00 | OK | |
r-patched-linux-x86_64 | 1.0 | 29.05 | 94.24 | 123.29 | OK | |
r-release-linux-x86_64 | 1.0 | 31.35 | 91.87 | 123.22 | OK | |
r-release-macos-arm64 | 1.0 | 64.00 | NOTE | |||
r-release-macos-x86_64 | 1.0 | 92.00 | NOTE | |||
r-release-windows-x86_64 | 1.0 | 35.00 | 125.00 | 160.00 | NOTE | |
r-oldrel-macos-arm64 | 1.0 | 73.00 | NOTE | |||
r-oldrel-macos-x86_64 | 1.0 | 118.00 | NOTE | |||
r-oldrel-windows-x86_64 | 1.0 | 43.00 | 168.00 | 211.00 | NOTE |
Version: 1.0
Check: dependencies in R code
Result: NOTE
Namespace in Imports field not imported from: ‘Rcpp’
All declared Imports should be used.
Flavors: r-devel-linux-x86_64-fedora-clang, r-devel-linux-x86_64-fedora-gcc
Version: 1.0
Check: installed package size
Result: NOTE
installed size is 8.2Mb
sub-directories of 1Mb or more:
extdata 4.8Mb
libs 2.7Mb
Flavors: r-release-macos-arm64, r-release-macos-x86_64, r-release-windows-x86_64, r-oldrel-macos-arm64, r-oldrel-macos-x86_64, r-oldrel-windows-x86_64