Last updated on 2024-07-27 01:53:07 CEST.
Flavor | Version | Tinstall | Tcheck | Ttotal | Status | Flags |
---|---|---|---|---|---|---|
r-devel-linux-x86_64-debian-clang | 1.1.2 | 228.36 | 187.68 | 416.04 | NOTE | |
r-devel-linux-x86_64-debian-gcc | 1.1.2 | 181.07 | 153.97 | 335.04 | NOTE | |
r-devel-linux-x86_64-fedora-clang | 1.1.2 | 536.05 | NOTE | |||
r-devel-linux-x86_64-fedora-gcc | 1.1.2 | 652.52 | NOTE | |||
r-devel-windows-x86_64 | 1.1.2 | 178.00 | 201.00 | 379.00 | NOTE | |
r-patched-linux-x86_64 | 1.1.2 | NOTE | ||||
r-release-linux-x86_64 | 1.1.2 | 0.02 | 2.74 | 2.76 | ERROR | |
r-release-macos-arm64 | 1.1.2 | 143.00 | NOTE | |||
r-release-macos-x86_64 | 1.1.2 | 258.00 | NOTE | |||
r-release-windows-x86_64 | 1.1.2 | 177.00 | 200.00 | 377.00 | NOTE | |
r-oldrel-macos-arm64 | 1.1.2 | 249.00 | NOTE | |||
r-oldrel-macos-x86_64 | 1.1.2 | 546.00 | NOTE | |||
r-oldrel-windows-x86_64 | 1.1.2 | 232.00 | 230.00 | 462.00 | NOTE |
Version: 1.1.2
Check: for GNU extensions in Makefiles
Result: NOTE
GNU make is a SystemRequirements.
Flavors: r-devel-linux-x86_64-debian-clang, r-devel-linux-x86_64-debian-gcc, r-devel-linux-x86_64-fedora-clang, r-devel-linux-x86_64-fedora-gcc, r-devel-windows-x86_64, r-patched-linux-x86_64, r-release-macos-arm64, r-release-macos-x86_64, r-release-windows-x86_64, r-oldrel-macos-arm64, r-oldrel-macos-x86_64, r-oldrel-windows-x86_64
Version: 1.1.2
Check: Rd cross-references
Result: NOTE
Found the following Rd file(s) with Rd \link{} targets missing package
anchors:
waic.cumhist.Rd: loo-package
Please provide package anchors for all Rd \link{} targets not in the
package itself and the base packages.
Flavors: r-devel-linux-x86_64-debian-gcc, r-devel-windows-x86_64
Version: 1.1.2
Check: whether package can be installed
Result: ERROR
Installation failed.
Flavor: r-release-linux-x86_64
Version: 1.1.2
Check: installed package size
Result: NOTE
installed size is 54.7Mb
sub-directories of 1Mb or more:
libs 53.8Mb
Flavors: r-release-macos-arm64, r-release-macos-x86_64, r-oldrel-macos-arm64, r-oldrel-macos-x86_64