Last updated on 2024-07-27 01:53:07 CEST.
Flavor | Version | Tinstall | Tcheck | Ttotal | Status | Flags |
---|---|---|---|---|---|---|
r-devel-linux-x86_64-debian-clang | 0.3 | 15.76 | 123.59 | 139.35 | OK | |
r-devel-linux-x86_64-debian-gcc | 0.3 | 11.27 | 92.31 | 103.58 | NOTE | |
r-devel-linux-x86_64-fedora-clang | 0.3 | 172.32 | NOTE | |||
r-devel-linux-x86_64-fedora-gcc | 0.3 | 165.93 | NOTE | |||
r-devel-windows-x86_64 | 0.3 | 15.00 | 108.00 | 123.00 | NOTE | |
r-patched-linux-x86_64 | 0.3 | OK | ||||
r-release-linux-x86_64 | 0.3 | 13.41 | 115.49 | 128.90 | OK | |
r-release-macos-arm64 | 0.3 | 55.00 | OK | |||
r-release-macos-x86_64 | 0.3 | 73.00 | OK | |||
r-release-windows-x86_64 | 0.3 | 13.00 | 106.00 | 119.00 | OK | |
r-oldrel-macos-arm64 | 0.3 | 51.00 | OK | |||
r-oldrel-macos-x86_64 | 0.3 | 87.00 | OK | |||
r-oldrel-windows-x86_64 | 0.3 | 17.00 | 132.00 | 149.00 | OK |
Version: 0.3
Check: Rd cross-references
Result: NOTE
Found the following Rd file(s) with Rd \link{} targets missing package
anchors:
make_jive.Rd: make.simmap, as.phylo
plot_jive.Rd: vioplot
Please provide package anchors for all Rd \link{} targets not in the
package itself and the base packages.
Flavors: r-devel-linux-x86_64-debian-gcc, r-devel-windows-x86_64
Version: 0.3
Check: dependencies in R code
Result: NOTE
Namespace in Imports field not imported from: ‘MASS’
All declared Imports should be used.
Flavors: r-devel-linux-x86_64-fedora-clang, r-devel-linux-x86_64-fedora-gcc