Last updated on 2025-11-16 01:49:09 CET.
| Flavor | Version | Tinstall | Tcheck | Ttotal | Status | Flags |
|---|---|---|---|---|---|---|
| r-devel-linux-x86_64-debian-clang | 1.1 | 3.01 | 28.40 | 31.41 | NOTE | |
| r-devel-linux-x86_64-debian-gcc | 1.1 | 1.86 | 23.08 | 24.94 | OK | |
| r-devel-linux-x86_64-fedora-clang | 1.1 | 11.00 | 39.61 | 50.61 | OK | |
| r-devel-linux-x86_64-fedora-gcc | 1.1 | 14.00 | 33.61 | 47.61 | OK | |
| r-devel-windows-x86_64 | 1.1 | 5.00 | 44.00 | 49.00 | NOTE | |
| r-patched-linux-x86_64 | 1.1 | 2.71 | 27.59 | 30.30 | OK | |
| r-release-linux-x86_64 | 1.1 | 2.27 | 28.35 | 30.62 | OK | |
| r-release-macos-arm64 | 1.1 | 2.00 | 27.00 | 29.00 | OK | |
| r-release-macos-x86_64 | 1.1 | 5.00 | 35.00 | 40.00 | OK | |
| r-release-windows-x86_64 | 1.1 | 4.00 | 46.00 | 50.00 | OK | |
| r-oldrel-macos-arm64 | 1.1 | 1.00 | 21.00 | 22.00 | OK | |
| r-oldrel-macos-x86_64 | 1.1 | 4.00 | 56.00 | 60.00 | OK | |
| r-oldrel-windows-x86_64 | 1.1 | 5.00 | 52.00 | 57.00 | OK |
Version: 1.1
Check: Rd files
Result: NOTE
checkRd: (-1) bivpois-package.Rd:11-17: Only 3 columns allowed in this table (row 1 has 2)
checkRd: (-1) bivpois-package.Rd:11-17: Only 3 columns allowed in this table (row 2 has 2)
checkRd: (-1) bivpois-package.Rd:11-17: Only 3 columns allowed in this table (row 3 has 2)
checkRd: (-1) bivpois-package.Rd:11-17: Only 3 columns allowed in this table (row 4 has 2)
checkRd: (-1) bivpois-package.Rd:11-17: Only 3 columns allowed in this table (row 5 has 2)
Flavors: r-devel-linux-x86_64-debian-clang, r-devel-windows-x86_64