Last updated on 2024-07-27 01:53:07 CEST.
Flavor | Version | Tinstall | Tcheck | Ttotal | Status | Flags |
---|---|---|---|---|---|---|
r-devel-linux-x86_64-debian-clang | 1.0-5 | 14.15 | 121.03 | 135.18 | OK | |
r-devel-linux-x86_64-debian-gcc | 1.0-5 | 11.33 | 91.22 | 102.55 | NOTE | |
r-devel-linux-x86_64-fedora-clang | 1.0-5 | 166.34 | OK | |||
r-devel-linux-x86_64-fedora-gcc | 1.0-5 | 159.45 | OK | |||
r-devel-windows-x86_64 | 1.0-5 | 12.00 | 94.00 | 106.00 | NOTE | |
r-patched-linux-x86_64 | 1.0-5 | OK | ||||
r-release-linux-x86_64 | 1.0-5 | 14.38 | 113.66 | 128.04 | OK | |
r-release-macos-arm64 | 1.0-5 | 49.00 | OK | |||
r-release-macos-x86_64 | 1.0-5 | 96.00 | OK | |||
r-release-windows-x86_64 | 1.0-5 | 12.00 | 93.00 | 105.00 | OK | |
r-oldrel-macos-arm64 | 1.0-5 | 53.00 | OK | |||
r-oldrel-macos-x86_64 | 1.0-5 | 87.00 | OK | |||
r-oldrel-windows-x86_64 | 1.0-5 | 15.00 | 119.00 | 134.00 | OK |
Version: 1.0-5
Check: Rd cross-references
Result: NOTE
Found the following Rd file(s) with Rd \link{} targets missing package
anchors:
blmer.Rd: merMod-class
bmerMod-class.Rd: merMod-class
Please provide package anchors for all Rd \link{} targets not in the
package itself and the base packages.
Flavors: r-devel-linux-x86_64-debian-gcc, r-devel-windows-x86_64