Last updated on 2025-11-13 01:50:15 CET.
| Flavor | Version | Tinstall | Tcheck | Ttotal | Status | Flags |
|---|---|---|---|---|---|---|
| r-devel-linux-x86_64-debian-clang | 5.1 | 52.23 | 104.78 | 157.01 | OK | |
| r-devel-linux-x86_64-debian-gcc | 5.1 | 39.24 | 71.29 | 110.53 | OK | |
| r-devel-linux-x86_64-fedora-clang | 5.1 | 180.00 | 81.16 | 261.16 | OK | |
| r-devel-linux-x86_64-fedora-gcc | 5.1 | 128.00 | 117.45 | 245.45 | OK | |
| r-devel-windows-x86_64 | 5.1 | 102.00 | 119.00 | 221.00 | OK | |
| r-patched-linux-x86_64 | 5.1 | 52.64 | 99.05 | 151.69 | OK | |
| r-release-linux-x86_64 | 5.1 | 48.80 | 98.73 | 147.53 | OK | |
| r-release-macos-arm64 | 5.1 | 26.00 | 36.00 | 62.00 | OK | |
| r-release-macos-x86_64 | 5.1 | 42.00 | 131.00 | 173.00 | OK | |
| r-release-windows-x86_64 | 5.1 | 99.00 | 118.00 | 217.00 | OK | |
| r-oldrel-macos-arm64 | 5.1 | 22.00 | 42.00 | 64.00 | OK | |
| r-oldrel-macos-x86_64 | 5.1 | 57.00 | 135.00 | 192.00 | NOTE | |
| r-oldrel-windows-x86_64 | 5.1 | 105.00 | 145.00 | 250.00 | OK |
Version: 5.1
Check: installed package size
Result: NOTE
installed size is 5.0Mb
sub-directories of 1Mb or more:
data 2.1Mb
libs 1.7Mb
Flavor: r-oldrel-macos-x86_64