Last updated on 2024-07-27 01:53:07 CEST.
Flavor | Version | Tinstall | Tcheck | Ttotal | Status | Flags |
---|---|---|---|---|---|---|
r-devel-linux-x86_64-debian-clang | 1.6.0 | 9.52 | 465.43 | 474.95 | OK | |
r-devel-linux-x86_64-debian-gcc | 1.6.0 | 8.46 | 339.30 | 347.76 | NOTE | |
r-devel-linux-x86_64-fedora-clang | 1.6.0 | 622.02 | OK | |||
r-devel-linux-x86_64-fedora-gcc | 1.6.0 | 569.57 | OK | |||
r-devel-windows-x86_64 | 1.6.0 | 13.00 | 550.00 | 563.00 | NOTE | |
r-patched-linux-x86_64 | 1.6.0 | OK | ||||
r-release-linux-x86_64 | 1.6.0 | 8.01 | 434.93 | 442.94 | OK | |
r-release-macos-arm64 | 1.6.0 | 160.00 | OK | |||
r-release-macos-x86_64 | 1.6.0 | 325.00 | OK | |||
r-release-windows-x86_64 | 1.6.0 | 10.00 | 560.00 | 570.00 | OK | |
r-oldrel-macos-arm64 | 1.6.0 | 175.00 | OK | |||
r-oldrel-macos-x86_64 | 1.6.0 | 469.00 | OK | |||
r-oldrel-windows-x86_64 | 1.6.0 | 14.00 | 526.00 | 540.00 | OK |
Version: 1.6.0
Check: Rd cross-references
Result: NOTE
Found the following Rd file(s) with Rd \link{} targets missing package
anchors:
network.run.Rd: jags.model
Please provide package anchors for all Rd \link{} targets not in the
package itself and the base packages.
Flavors: r-devel-linux-x86_64-debian-gcc, r-devel-windows-x86_64