CRAN Package Check Results for Package bodenmiller

Last updated on 2025-05-07 01:49:50 CEST.

Flavor Version Tinstall Tcheck Ttotal Status Flags
r-devel-linux-x86_64-debian-clang 0.1.1 8.12 38.13 46.25 NOTE
r-devel-linux-x86_64-debian-gcc 0.1.1 7.08 28.82 35.90 NOTE
r-devel-linux-x86_64-fedora-clang 0.1.1 72.19 NOTE
r-devel-linux-x86_64-fedora-gcc 0.1.1 83.18 NOTE
r-devel-windows-x86_64 0.1.1 9.00 61.00 70.00 NOTE
r-patched-linux-x86_64 0.1.1 8.56 36.49 45.05 NOTE
r-release-linux-x86_64 0.1.1 7.02 37.06 44.08 NOTE
r-release-macos-arm64 0.1.1 33.00 NOTE
r-release-macos-x86_64 0.1.1 62.00 NOTE
r-release-windows-x86_64 0.1.1 11.00 54.00 65.00 NOTE
r-oldrel-macos-arm64 0.1.1 36.00 NOTE
r-oldrel-macos-x86_64 0.1.1 47.00 NOTE
r-oldrel-windows-x86_64 0.1.1 10.00 68.00 78.00 NOTE

Check Details

Version: 0.1.1
Check: Rd files
Result: NOTE checkRd: (-1) refAnnots.Rd:10: Lost braces in \itemize; meant \describe ? checkRd: (-1) refAnnots.Rd:11-12: Lost braces in \itemize; meant \describe ? checkRd: (-1) untreatedAnnots.Rd:10: Lost braces in \itemize; meant \describe ? checkRd: (-1) untreatedAnnots.Rd:11-12: Lost braces in \itemize; meant \describe ? checkRd: (-1) untreatedAnnots.Rd:13-14: Lost braces in \itemize; meant \describe ? Flavors: r-devel-linux-x86_64-debian-clang, r-devel-linux-x86_64-debian-gcc, r-devel-linux-x86_64-fedora-clang, r-devel-linux-x86_64-fedora-gcc, r-devel-windows-x86_64, r-patched-linux-x86_64, r-release-linux-x86_64, r-release-macos-arm64, r-release-macos-x86_64, r-release-windows-x86_64, r-oldrel-macos-arm64, r-oldrel-macos-x86_64, r-oldrel-windows-x86_64

Version: 0.1.1
Check: installed package size
Result: NOTE installed size is 7.4Mb sub-directories of 1Mb or more: data 7.2Mb Flavors: r-oldrel-macos-arm64, r-oldrel-macos-x86_64, r-oldrel-windows-x86_64