Last updated on 2025-05-04 02:50:01 CEST.
Flavor | Version | Tinstall | Tcheck | Ttotal | Status | Flags |
---|---|---|---|---|---|---|
r-devel-linux-x86_64-debian-clang | 1.3-0 | 1.75 | 31.16 | 32.91 | NOTE | |
r-devel-linux-x86_64-debian-gcc | 1.3-0 | 1.47 | 25.87 | 27.34 | NOTE | |
r-devel-linux-x86_64-fedora-clang | 1.3-0 | 52.81 | OK | |||
r-devel-linux-x86_64-fedora-gcc | 1.3-0 | 50.34 | OK | |||
r-devel-windows-x86_64 | 1.3-0 | 3.00 | 57.00 | 60.00 | OK | |
r-patched-linux-x86_64 | 1.3-0 | 1.71 | 30.32 | 32.03 | NOTE | |
r-release-linux-x86_64 | NOTE | |||||
r-release-macos-arm64 | 1.3-0 | 19.00 | OK | |||
r-release-macos-x86_64 | 1.3-0 | 50.00 | OK | |||
r-release-windows-x86_64 | 1.3-0 | 2.00 | 50.00 | 52.00 | OK | |
r-oldrel-macos-arm64 | 1.3-0 | 26.00 | OK | |||
r-oldrel-macos-x86_64 | 1.3-0 | 33.00 | OK | |||
r-oldrel-windows-x86_64 | 1.3-0 | 3.00 | 55.00 | 58.00 | OK |
Version: 1.3-0
Check: CRAN incoming feasibility
Result: NOTE
Maintainer: ‘Dimitris Rizopoulos <d.rizopoulos@erasmusmc.nl>’
No Authors@R field in DESCRIPTION.
Please add one, modifying
Authors@R: person(given = "Dimitris",
family = "Rizopoulos",
role = c("aut", "cre"),
email = "d.rizopoulos@erasmusmc.nl")
as necessary.
Flavors: r-devel-linux-x86_64-debian-clang, r-devel-linux-x86_64-debian-gcc
Version: 1.3-0
Check: for unstated dependencies in ‘demo’
Result: NOTE
'library' or 'require' call not declared from: ‘survival’
Flavors: r-devel-linux-x86_64-debian-clang, r-devel-linux-x86_64-debian-gcc, r-patched-linux-x86_64, r-release-linux-x86_64