Last updated on 2024-07-27 01:53:08 CEST.
Flavor | Version | Tinstall | Tcheck | Ttotal | Status | Flags |
---|---|---|---|---|---|---|
r-devel-linux-x86_64-debian-clang | 0.3.6 | 8.36 | 76.34 | 84.70 | OK | |
r-devel-linux-x86_64-debian-gcc | 0.3.6 | 5.35 | 56.90 | 62.25 | NOTE | |
r-devel-linux-x86_64-fedora-clang | 0.3.6 | 105.35 | NOTE | |||
r-devel-linux-x86_64-fedora-gcc | 0.3.6 | 110.85 | OK | |||
r-devel-windows-x86_64 | 0.3.6 | 9.00 | 88.00 | 97.00 | NOTE | |
r-patched-linux-x86_64 | 0.3.6 | OK | ||||
r-release-linux-x86_64 | 0.3.6 | 4.31 | 71.12 | 75.43 | OK | |
r-release-macos-arm64 | 0.3.6 | 42.00 | OK | |||
r-release-macos-x86_64 | 0.3.6 | 72.00 | OK | |||
r-release-windows-x86_64 | 0.3.6 | 8.00 | 86.00 | 94.00 | OK | |
r-oldrel-macos-arm64 | 0.3.6 | 43.00 | OK | |||
r-oldrel-macos-x86_64 | 0.3.6 | 65.00 | OK | |||
r-oldrel-windows-x86_64 | 0.3.6 | 9.00 | 95.00 | 104.00 | OK |
Version: 0.3.6
Check: Rd cross-references
Result: NOTE
Found the following Rd file(s) with Rd \link{} targets missing package
anchors:
box_dir_diff.Rd: digest
box_upload_new.Rd: httr
boxr_S3_classes.Rd: as_tibble
Please provide package anchors for all Rd \link{} targets not in the
package itself and the base packages.
Flavors: r-devel-linux-x86_64-debian-gcc, r-devel-windows-x86_64
Version: 0.3.6
Check: Rd cross-references
Result: NOTE
Undeclared packages ‘data.table’, ‘readxl’, ‘openxlsx’ in Rd xrefs
Flavor: r-devel-linux-x86_64-fedora-clang