CRAN Package Check Results for Package bpca

Last updated on 2025-05-08 01:50:57 CEST.

Flavor Version Tinstall Tcheck Ttotal Status Flags
r-devel-linux-x86_64-debian-clang 1.3-6 4.10 43.24 47.34 NOTE
r-devel-linux-x86_64-debian-gcc 1.3-6 3.24 35.69 38.93 NOTE
r-devel-linux-x86_64-fedora-clang 1.3-6 81.22 OK
r-devel-linux-x86_64-fedora-gcc 1.3-6 89.81 OK
r-devel-windows-x86_64 1.3-6 6.00 81.00 87.00 NOTE
r-patched-linux-x86_64 1.3-6 4.72 41.75 46.47 NOTE
r-release-linux-x86_64 1.3-6 4.09 42.02 46.11 NOTE
r-release-macos-arm64 1.3-6 38.00 OK
r-release-macos-x86_64 1.3-6 58.00 OK
r-release-windows-x86_64 1.3-6 7.00 81.00 88.00 NOTE
r-oldrel-macos-arm64 1.3-6 31.00 OK
r-oldrel-macos-x86_64 1.3-6 48.00 OK
r-oldrel-windows-x86_64 1.3-6 7.00 87.00 94.00 OK

Check Details

Version: 1.3-6
Check: Rd cross-references
Result: NOTE Found the following Rd file(s) with Rd \link{} targets missing package anchors: print.xtable.Rd: xtable Please provide package anchors for all Rd \link{} targets not in the package itself and the base packages. Flavors: r-devel-linux-x86_64-debian-clang, r-devel-linux-x86_64-debian-gcc, r-devel-windows-x86_64, r-patched-linux-x86_64, r-release-linux-x86_64, r-release-windows-x86_64