Last updated on 2024-07-27 01:53:08 CEST.
Flavor | Version | Tinstall | Tcheck | Ttotal | Status | Flags |
---|---|---|---|---|---|---|
r-devel-linux-x86_64-debian-clang | 2.21.0 | 71.48 | 758.85 | 830.33 | NOTE | |
r-devel-linux-x86_64-debian-gcc | 2.21.0 | 65.11 | 556.22 | 621.33 | NOTE | |
r-devel-linux-x86_64-fedora-clang | 2.21.0 | 1039.12 | NOTE | |||
r-devel-linux-x86_64-fedora-gcc | 2.21.0 | 950.58 | NOTE | |||
r-devel-windows-x86_64 | 2.21.0 | 65.00 | 256.00 | 321.00 | NOTE | --no-examples --no-tests --no-vignettes |
r-patched-linux-x86_64 | 2.21.0 | NOTE | ||||
r-release-linux-x86_64 | 2.21.0 | 54.85 | 727.49 | 782.34 | NOTE | |
r-release-macos-arm64 | 2.21.0 | 242.00 | NOTE | |||
r-release-macos-x86_64 | 2.21.0 | 789.00 | NOTE | |||
r-release-windows-x86_64 | 2.21.0 | 57.00 | 257.00 | 314.00 | NOTE | --no-examples --no-tests --no-vignettes |
r-oldrel-macos-arm64 | 2.21.0 | 243.00 | NOTE | |||
r-oldrel-macos-x86_64 | 2.21.0 | 648.00 | NOTE | |||
r-oldrel-windows-x86_64 | 2.21.0 | 80.00 | 228.00 | 308.00 | NOTE | --no-examples --no-tests --no-vignettes |
Version: 2.21.0
Check: package dependencies
Result: NOTE
Package suggested but not available for checking: ‘cmdstanr’
Flavors: r-devel-linux-x86_64-debian-clang, r-devel-linux-x86_64-debian-gcc, r-devel-linux-x86_64-fedora-clang, r-devel-linux-x86_64-fedora-gcc, r-patched-linux-x86_64, r-release-linux-x86_64, r-release-macos-arm64, r-release-macos-x86_64, r-oldrel-macos-arm64, r-oldrel-macos-x86_64
Version: 2.21.0
Check: Rd cross-references
Result: NOTE
Found the following Rd file(s) with Rd \link{} targets missing package
anchors:
conditional_effects.brmsfit.Rd: geom_jitter, geom_rug, geom_smooth,
geom_point, geom_errorbar, geom_contour, geom_raster, facet_wrap,
scale_colour_grey, scale_colour_gradient, ggplot
Please provide package anchors for all Rd \link{} targets not in the
package itself and the base packages.
Flavor: r-devel-linux-x86_64-debian-gcc
Version: 2.21.0
Check: installed package size
Result: NOTE
installed size is 8.7Mb
sub-directories of 1Mb or more:
R 3.7Mb
doc 3.6Mb
Flavors: r-devel-linux-x86_64-fedora-clang, r-release-macos-arm64, r-release-macos-x86_64, r-oldrel-macos-arm64, r-oldrel-macos-x86_64
Version: 2.21.0
Flags: --no-examples --no-tests --no-vignettes
Check: package dependencies
Result: NOTE
Package suggested but not available for checking: 'cmdstanr'
Flavors: r-devel-windows-x86_64, r-release-windows-x86_64, r-oldrel-windows-x86_64
Version: 2.21.0
Flags: --no-examples --no-tests --no-vignettes
Check: installed package size
Result: NOTE
installed size is 8.6Mb
sub-directories of 1Mb or more:
R 3.7Mb
doc 3.6Mb
Flavors: r-devel-windows-x86_64, r-release-windows-x86_64, r-oldrel-windows-x86_64
Version: 2.21.0
Flags: --no-examples --no-tests --no-vignettes
Check: Rd cross-references
Result: NOTE
Found the following Rd file(s) with Rd \link{} targets missing package
anchors:
conditional_effects.brmsfit.Rd: geom_jitter, geom_rug, geom_smooth,
geom_point, geom_errorbar, geom_contour, geom_raster, facet_wrap,
scale_colour_grey, scale_colour_gradient, ggplot
Please provide package anchors for all Rd \link{} targets not in the
package itself and the base packages.
Flavor: r-devel-windows-x86_64