Last updated on 2024-07-27 01:53:08 CEST.
Flavor | Version | Tinstall | Tcheck | Ttotal | Status | Flags |
---|---|---|---|---|---|---|
r-devel-linux-x86_64-debian-clang | 0.2.9.5 | 12.09 | 195.45 | 207.54 | NOTE | |
r-devel-linux-x86_64-debian-gcc | 0.2.9.5 | 7.06 | 144.11 | 151.17 | NOTE | |
r-devel-linux-x86_64-fedora-clang | 0.2.9.5 | 251.98 | NOTE | |||
r-devel-linux-x86_64-fedora-gcc | 0.2.9.5 | 230.82 | NOTE | |||
r-devel-windows-x86_64 | 0.2.9.5 | 11.00 | 158.00 | 169.00 | NOTE | |
r-patched-linux-x86_64 | 0.2.9.5 | NOTE | ||||
r-release-linux-x86_64 | 0.2.9.5 | 6.62 | 183.97 | 190.59 | NOTE | |
r-release-macos-arm64 | 0.2.9.5 | 68.00 | NOTE | |||
r-release-macos-x86_64 | 0.2.9.5 | 109.00 | NOTE | |||
r-release-windows-x86_64 | 0.2.9.5 | 9.00 | 159.00 | 168.00 | NOTE | |
r-oldrel-macos-arm64 | 0.2.9.5 | 72.00 | NOTE | |||
r-oldrel-macos-x86_64 | 0.2.9.5 | 160.00 | NOTE | |||
r-oldrel-windows-x86_64 | 0.2.9.5 | 12.00 | 205.00 | 217.00 | NOTE |
Version: 0.2.9.5
Check: package dependencies
Result: NOTE
Package suggested but not available for checking: ‘glmmADMB’
Flavors: r-devel-linux-x86_64-debian-clang, r-devel-linux-x86_64-debian-gcc, r-devel-linux-x86_64-fedora-clang, r-devel-linux-x86_64-fedora-gcc, r-devel-windows-x86_64, r-patched-linux-x86_64, r-release-linux-x86_64, r-release-macos-arm64, r-release-macos-x86_64, r-release-windows-x86_64, r-oldrel-macos-arm64, r-oldrel-macos-x86_64, r-oldrel-windows-x86_64
Version: 0.2.9.5
Check: installed package size
Result: NOTE
installed size is 5.5Mb
sub-directories of 1Mb or more:
extdata 5.0Mb
Flavors: r-devel-linux-x86_64-fedora-clang, r-devel-windows-x86_64, r-release-macos-arm64, r-release-macos-x86_64, r-release-windows-x86_64, r-oldrel-macos-arm64, r-oldrel-macos-x86_64, r-oldrel-windows-x86_64