Last updated on 2025-11-20 02:49:10 CET.
| Flavor | Version | Tinstall | Tcheck | Ttotal | Status | Flags |
|---|---|---|---|---|---|---|
| r-devel-linux-x86_64-debian-clang | 0.3.1 | 8.19 | 69.42 | 77.61 | NOTE | |
| r-devel-linux-x86_64-debian-gcc | 0.3.1 | 6.24 | 50.82 | 57.06 | NOTE | |
| r-devel-linux-x86_64-fedora-clang | 0.3.1 | 20.00 | 99.15 | 119.15 | NOTE | |
| r-devel-linux-x86_64-fedora-gcc | 0.3.1 | 18.00 | 112.67 | 130.67 | NOTE | |
| r-devel-windows-x86_64 | 0.3.1 | 11.00 | 76.00 | 87.00 | NOTE | |
| r-patched-linux-x86_64 | 0.3.1 | 7.33 | 63.52 | 70.85 | NOTE | |
| r-release-linux-x86_64 | 0.3.1 | 7.91 | 63.17 | 71.08 | NOTE | |
| r-release-macos-arm64 | 0.3.1 | NOTE | ||||
| r-release-macos-x86_64 | 0.3.1 | 7.00 | 71.00 | 78.00 | NOTE | |
| r-release-windows-x86_64 | 0.3.1 | 11.00 | 74.00 | 85.00 | NOTE | |
| r-oldrel-macos-arm64 | 0.3.1 | OK | ||||
| r-oldrel-macos-x86_64 | 0.3.1 | 8.00 | 74.00 | 82.00 | OK | |
| r-oldrel-windows-x86_64 | 0.3.1 | 14.00 | 94.00 | 108.00 | OK |
Version: 0.3.1
Check: DESCRIPTION meta-information
Result: NOTE
Missing dependency on R >= 4.1.0 because package code uses the pipe
|> or function shorthand \(...) syntax added in R 4.1.0.
File(s) using such syntax:
‘census2021.Rd’
Flavors: r-devel-linux-x86_64-debian-clang, r-devel-linux-x86_64-debian-gcc, r-devel-linux-x86_64-fedora-clang, r-devel-linux-x86_64-fedora-gcc, r-devel-windows-x86_64, r-patched-linux-x86_64, r-release-linux-x86_64, r-release-macos-arm64, r-release-macos-x86_64, r-release-windows-x86_64