Last updated on 2024-07-27 01:53:08 CEST.
Flavor | Version | Tinstall | Tcheck | Ttotal | Status | Flags |
---|---|---|---|---|---|---|
r-devel-linux-x86_64-debian-clang | 2.0.2 | 632.28 | 522.93 | 1155.21 | OK | |
r-devel-linux-x86_64-debian-gcc | 2.0.2 | 433.12 | 315.04 | 748.16 | OK | |
r-devel-linux-x86_64-fedora-clang | 2.0.2 | 1591.66 | NOTE | |||
r-devel-linux-x86_64-fedora-gcc | 2.0.2 | 1638.28 | OK | |||
r-devel-windows-x86_64 | 2.0.2 | 510.00 | 444.00 | 954.00 | NOTE | |
r-patched-linux-x86_64 | 2.0.2 | OK | ||||
r-release-linux-x86_64 | 2.0.2 | 430.12 | 413.20 | 843.32 | OK | |
r-release-macos-arm64 | 2.0.2 | 320.00 | NOTE | |||
r-release-macos-x86_64 | 2.0.2 | 386.00 | NOTE | |||
r-release-windows-x86_64 | 2.0.2 | 596.00 | 426.00 | 1022.00 | NOTE | |
r-oldrel-macos-arm64 | 2.0.2 | 348.00 | NOTE | |||
r-oldrel-macos-x86_64 | 2.0.2 | 561.00 | NOTE | |||
r-oldrel-windows-x86_64 | 2.0.2 | 586.00 | 483.00 | 1069.00 | NOTE |
Version: 2.0.2
Check: installed package size
Result: NOTE
installed size is 7.1Mb
sub-directories of 1Mb or more:
data 1.1Mb
doc 2.8Mb
libs 2.6Mb
Flavors: r-devel-linux-x86_64-fedora-clang, r-devel-windows-x86_64, r-release-macos-arm64, r-release-macos-x86_64, r-release-windows-x86_64, r-oldrel-macos-arm64, r-oldrel-macos-x86_64, r-oldrel-windows-x86_64