Last updated on 2024-07-27 01:53:08 CEST.
Flavor | Version | Tinstall | Tcheck | Ttotal | Status | Flags |
---|---|---|---|---|---|---|
r-devel-linux-x86_64-debian-clang | 1.0.3 | 6.73 | 173.55 | 180.28 | OK | |
r-devel-linux-x86_64-debian-gcc | 1.0.3 | 3.68 | 130.36 | 134.04 | NOTE | |
r-devel-linux-x86_64-fedora-clang | 1.0.3 | 246.98 | OK | |||
r-devel-linux-x86_64-fedora-gcc | 1.0.3 | 234.40 | OK | |||
r-devel-windows-x86_64 | 1.0.3 | 8.00 | 131.00 | 139.00 | NOTE | |
r-patched-linux-x86_64 | 1.0.3 | OK | ||||
r-release-linux-x86_64 | 1.0.3 | 3.75 | 174.39 | 178.14 | OK | |
r-release-macos-arm64 | 1.0.3 | 66.00 | OK | |||
r-release-macos-x86_64 | 1.0.3 | 95.00 | OK | |||
r-release-windows-x86_64 | 1.0.3 | 7.00 | 127.00 | 134.00 | OK | |
r-oldrel-macos-arm64 | 1.0.3 | 73.00 | OK | |||
r-oldrel-macos-x86_64 | 1.0.3 | 120.00 | OK | |||
r-oldrel-windows-x86_64 | 1.0.3 | 8.00 | 179.00 | 187.00 | OK |
Version: 1.0.3
Check: Rd cross-references
Result: NOTE
Found the following Rd file(s) with Rd \link{} targets missing package
anchors:
brkpt.Rd: glm.nb
Please provide package anchors for all Rd \link{} targets not in the
package itself and the base packages.
Flavors: r-devel-linux-x86_64-debian-gcc, r-devel-windows-x86_64