Last updated on 2025-11-13 01:50:16 CET.
| Flavor | Version | Tinstall | Tcheck | Ttotal | Status | Flags |
|---|---|---|---|---|---|---|
| r-devel-linux-x86_64-debian-clang | 1.1 | 28.05 | 29.67 | 57.72 | NOTE | |
| r-devel-linux-x86_64-debian-gcc | 1.1 | 20.40 | 23.68 | 44.08 | NOTE | |
| r-devel-linux-x86_64-fedora-clang | 1.1 | 70.00 | 29.29 | 99.29 | NOTE | |
| r-devel-linux-x86_64-fedora-gcc | 1.1 | 72.00 | 24.32 | 96.32 | NOTE | |
| r-devel-windows-x86_64 | 1.1 | 35.00 | 60.00 | 95.00 | OK | |
| r-patched-linux-x86_64 | 1.1 | 28.41 | 28.69 | 57.10 | OK | |
| r-release-linux-x86_64 | 1.1 | 28.82 | 28.60 | 57.42 | OK | |
| r-release-macos-arm64 | 1.1 | 11.00 | 20.00 | 31.00 | OK | |
| r-release-macos-x86_64 | 1.1 | 28.00 | 41.00 | 69.00 | OK | |
| r-release-windows-x86_64 | 1.1 | 34.00 | 70.00 | 104.00 | OK | |
| r-oldrel-macos-arm64 | 1.1 | 9.00 | 24.00 | 33.00 | OK | |
| r-oldrel-macos-x86_64 | 1.1 | 19.00 | 26.00 | 45.00 | OK | |
| r-oldrel-windows-x86_64 | 1.1 | 40.00 | 78.00 | 118.00 | OK |
Version: 1.1
Check: CRAN incoming feasibility
Result: NOTE
Maintainer: ‘Fabian Krueger <Fabian.Krueger83@gmail.com>’
No Authors@R field in DESCRIPTION.
Please add one, modifying
Authors@R: person(given = "Fabian",
family = "Krueger",
role = c("aut", "cre"),
email = "fabian.krueger83@gmail.com")
as necessary.
Flavors: r-devel-linux-x86_64-debian-clang, r-devel-linux-x86_64-debian-gcc
Version: 1.1
Check: compiled code
Result: NOTE
File ‘bvarsv/libs/bvarsv.so’:
Found no calls to: ‘R_registerRoutines’, ‘R_useDynamicSymbols’
It is good practice to register native routines and to disable symbol
search.
See ‘Writing portable packages’ in the ‘Writing R Extensions’ manual.
Flavors: r-devel-linux-x86_64-fedora-clang, r-devel-linux-x86_64-fedora-gcc