Last updated on 2025-05-06 02:50:13 CEST.
Flavor | Version | Tinstall | Tcheck | Ttotal | Status | Flags |
---|---|---|---|---|---|---|
r-devel-linux-x86_64-debian-clang | 0.2.4 | 357.39 | 211.65 | 569.04 | NOTE | |
r-devel-linux-x86_64-debian-gcc | 0.2.4 | 238.89 | 152.54 | 391.43 | NOTE | |
r-devel-linux-x86_64-fedora-clang | 0.2.4 | 911.32 | OK | |||
r-devel-linux-x86_64-fedora-gcc | 0.2.4 | 1043.99 | OK | |||
r-devel-windows-x86_64 | 0.2.4 | 359.00 | 237.00 | 596.00 | OK | |
r-patched-linux-x86_64 | 0.2.4 | 341.15 | 200.04 | 541.19 | OK | |
r-release-linux-x86_64 | 0.2.4 | 347.22 | 200.73 | 547.95 | OK | |
r-release-macos-arm64 | 0.2.4 | 261.00 | OK | |||
r-release-macos-x86_64 | 0.2.4 | 346.00 | OK | |||
r-release-windows-x86_64 | 0.2.4 | 359.00 | 240.00 | 599.00 | OK | |
r-oldrel-macos-arm64 | 0.2.4 | 229.00 | NOTE | |||
r-oldrel-macos-x86_64 | 0.2.4 | 267.00 | NOTE | |||
r-oldrel-windows-x86_64 | 0.2.4 | 424.00 | 299.00 | 723.00 | OK |
Version: 0.2.4
Check: DESCRIPTION meta-information
Result: NOTE
Author field differs from that derived from Authors@R
Author: ‘Franz X. Mohr [aut, cre] (0009-0003-8890-7781)’
Authors@R: ‘Franz X. Mohr [aut, cre] (ORCiD: 0009-0003-8890-7781)’
Flavors: r-devel-linux-x86_64-debian-clang, r-devel-linux-x86_64-debian-gcc
Version: 0.2.4
Check: installed package size
Result: NOTE
installed size is 22.4Mb
sub-directories of 1Mb or more:
libs 20.9Mb
Flavors: r-oldrel-macos-arm64, r-oldrel-macos-x86_64